CRAN Package Check Results for Package SpaDES.addins

Last updated on 2021-09-22 13:07:23 CEST.

Flavor Version Tinstall Tcheck Ttotal Status Flags
r-devel-linux-x86_64-debian-clang 0.1.3 15.61 145.84 161.45 OK
r-devel-linux-x86_64-debian-gcc 0.1.3 12.16 108.16 120.32 OK
r-devel-linux-x86_64-fedora-clang 0.1.3 200.72 NOTE
r-devel-linux-x86_64-fedora-gcc 0.1.3 189.80 NOTE
r-devel-windows-x86_64 0.1.3 16.00 117.00 133.00 OK
r-devel-windows-x86_64-gcc10-UCRT 0.1.3 ERROR
r-patched-linux-x86_64 0.1.3 15.23 136.12 151.35 OK
r-patched-solaris-x86 0.1.3 289.40 NOTE
r-release-linux-x86_64 0.1.3 15.10 137.80 152.90 OK
r-release-macos-arm64 0.1.3 NOTE
r-release-macos-x86_64 0.1.3 NOTE
r-release-windows-ix86+x86_64 0.1.3 40.00 157.00 197.00 OK
r-oldrel-macos-x86_64 0.1.3 NOTE
r-oldrel-windows-ix86+x86_64 0.1.3 29.00 125.00 154.00 OK

Check Details

Version: 0.1.3
Check: dependencies in R code
Result: NOTE
    Namespaces in Imports field not imported from:
     ‘devtools’ ‘rstudioapi’
     All declared Imports should be used.
Flavors: r-devel-linux-x86_64-fedora-clang, r-devel-linux-x86_64-fedora-gcc, r-patched-solaris-x86, r-release-macos-arm64, r-release-macos-x86_64, r-oldrel-macos-x86_64

Version: 0.1.3
Check: package dependencies
Result: ERROR
    Packages required but not available: 'devtools', 'SpaDES.core'
    
    See section 'The DESCRIPTION file' in the 'Writing R Extensions'
    manual.
Flavor: r-devel-windows-x86_64-gcc10-UCRT