CRAN Package Check Results for Package SparseBiplots

Last updated on 2021-11-30 20:49:31 CET.

Flavor Version Tinstall Tcheck Ttotal Status Flags
r-devel-linux-x86_64-debian-clang 4.0.1 9.49 88.88 98.37 OK
r-devel-linux-x86_64-debian-gcc 4.0.1 7.27 65.91 73.18 OK
r-devel-linux-x86_64-fedora-clang 4.0.1 135.64 NOTE
r-devel-linux-x86_64-fedora-gcc 4.0.1 114.83 NOTE
r-devel-windows-x86_64-new-UL 4.0.1 17.00 126.00 143.00 OK
r-devel-windows-x86_64-new-TK 4.0.1 NOTE
r-devel-windows-x86_64-old 4.0.1 16.00 81.00 97.00 OK
r-patched-linux-x86_64 4.0.1 14.02 82.13 96.15 OK
r-patched-solaris-x86 4.0.1 163.60 NOTE
r-release-linux-x86_64 4.0.1 7.21 81.09 88.30 OK
r-release-macos-arm64 4.0.1 NOTE
r-release-macos-x86_64 4.0.1 NOTE
r-release-windows-ix86+x86_64 4.0.1 22.00 78.00 100.00 OK
r-oldrel-macos-x86_64 4.0.1 NOTE
r-oldrel-windows-ix86+x86_64 4.0.1 17.00 83.00 100.00 OK

Check Details

Version: 4.0.1
Check: dependencies in R code
Result: NOTE
    Namespaces in Imports field not imported from:
     ‘gtable’ ‘rlang’ ‘testthat’
     All declared Imports should be used.
Flavors: r-devel-linux-x86_64-fedora-clang, r-devel-linux-x86_64-fedora-gcc, r-devel-windows-x86_64-new-TK, r-patched-solaris-x86, r-release-macos-arm64, r-release-macos-x86_64, r-oldrel-macos-x86_64