Last updated on 2024-03-28 23:55:20 CET.
Flavor | Version | Tinstall | Tcheck | Ttotal | Status | Flags |
---|---|---|---|---|---|---|
r-devel-linux-x86_64-debian-clang | 0.8.2 | 2.76 | 54.88 | 57.64 | NOTE | |
r-devel-linux-x86_64-debian-gcc | 0.8.2 | 2.35 | 40.63 | 42.98 | NOTE | |
r-devel-linux-x86_64-fedora-clang | 0.8.2 | 71.44 | NOTE | |||
r-devel-linux-x86_64-fedora-gcc | 0.8.2 | 82.57 | NOTE | |||
r-devel-windows-x86_64 | 0.8.2 | 3.00 | 76.00 | 79.00 | NOTE | |
r-patched-linux-x86_64 | 0.8.2 | 2.45 | 52.91 | 55.36 | NOTE | |
r-release-linux-x86_64 | 0.8.2 | 2.95 | 52.60 | 55.55 | NOTE | |
r-release-macos-arm64 | 0.8.2 | 35.00 | NOTE | |||
r-release-macos-x86_64 | 0.8.2 | 55.00 | NOTE | |||
r-release-windows-x86_64 | 0.8.2 | 3.00 | 74.00 | 77.00 | NOTE | |
r-oldrel-macos-arm64 | 0.8.2 | 28.00 | NOTE | |||
r-oldrel-windows-x86_64 | 0.8.2 | 5.00 | 74.00 | 79.00 | NOTE |
Version: 0.8.2
Check: DESCRIPTION meta-information
Result: NOTE
Malformed Description field: should contain one or more complete sentences.
Flavors: r-devel-linux-x86_64-debian-clang, r-devel-linux-x86_64-debian-gcc, r-devel-linux-x86_64-fedora-clang, r-devel-linux-x86_64-fedora-gcc, r-devel-windows-x86_64, r-patched-linux-x86_64, r-release-linux-x86_64, r-release-macos-arm64, r-release-macos-x86_64, r-release-windows-x86_64, r-oldrel-macos-arm64, r-oldrel-windows-x86_64