Last updated on 2023-05-28 23:14:11 CEST.
Flavor | Version | Tinstall | Tcheck | Ttotal | Status | Flags |
---|---|---|---|---|---|---|
r-devel-linux-x86_64-debian-clang | 4.0 | 13.25 | 108.67 | 121.92 | OK | |
r-devel-linux-x86_64-debian-gcc | 4.0 | 10.23 | 83.39 | 93.62 | OK | |
r-devel-linux-x86_64-fedora-clang | 4.0 | 177.10 | NOTE | |||
r-devel-linux-x86_64-fedora-gcc | 4.0 | 143.98 | NOTE | |||
r-devel-windows-x86_64 | 4.0 | 13.00 | 99.00 | 112.00 | OK | |
r-patched-linux-x86_64 | 4.0 | 15.74 | 104.91 | 120.65 | OK | |
r-release-linux-x86_64 | 4.0 | 13.19 | 104.41 | 117.60 | OK | |
r-release-macos-arm64 | 4.0 | 46.00 | OK | |||
r-release-macos-x86_64 | 4.0 | 77.00 | OK | |||
r-release-windows-x86_64 | 4.0 | 17.00 | 120.00 | 137.00 | OK | |
r-oldrel-macos-arm64 | 4.0 | 40.00 | OK | |||
r-oldrel-macos-x86_64 | 4.0 | 58.00 | OK | |||
r-oldrel-windows-x86_64 | 4.0 | 16.00 | 122.00 | 138.00 | OK |
Version: 4.0
Check: compiled code
Result: NOTE
File ‘SparseTSCGM/libs/SparseTSCGM.so’:
Found no calls to: ‘R_registerRoutines’, ‘R_useDynamicSymbols’
It is good practice to register native routines and to disable symbol
search.
See ‘Writing portable packages’ in the ‘Writing R Extensions’ manual.
Flavors: r-devel-linux-x86_64-fedora-clang, r-devel-linux-x86_64-fedora-gcc