CRAN Package Check Results for Package SpatialPOP

Last updated on 2024-05-26 22:49:18 CEST.

Flavor Version Tinstall Tcheck Ttotal Status Flags
r-devel-linux-x86_64-debian-clang 0.1.0 2.89 33.09 35.98 OK
r-devel-linux-x86_64-debian-gcc 0.1.0 2.12 24.89 27.01 OK
r-devel-linux-x86_64-fedora-clang 0.1.0 44.13 NOTE
r-devel-linux-x86_64-fedora-gcc 0.1.0 54.62 NOTE
r-devel-windows-x86_64 0.1.0 3.00 46.00 49.00 OK
r-patched-linux-x86_64 0.1.0 2.78 31.76 34.54 OK
r-release-linux-x86_64 0.1.0 2.69 31.94 34.63 OK
r-release-macos-arm64 0.1.0 26.00 OK
r-release-windows-x86_64 0.1.0 3.00 46.00 49.00 OK
r-oldrel-macos-arm64 0.1.0 25.00 OK
r-oldrel-macos-x86_64 0.1.0 34.00 OK
r-oldrel-windows-x86_64 0.1.0 4.00 50.00 54.00 OK

Check Details

Version: 0.1.0
Check: dependencies in R code
Result: NOTE Namespace in Imports field not imported from: ‘MASS’ All declared Imports should be used. Flavors: r-devel-linux-x86_64-fedora-clang, r-devel-linux-x86_64-fedora-gcc