Last updated on 2024-04-20 00:56:25 CEST.
Flavor | Version | Tinstall | Tcheck | Ttotal | Status | Flags |
---|---|---|---|---|---|---|
r-devel-linux-x86_64-debian-clang | 1.0.5 | 119.98 | 35.27 | 155.25 | OK | |
r-devel-linux-x86_64-debian-gcc | 1.0.5 | OK | ||||
r-devel-linux-x86_64-fedora-clang | 1.0.5 | 235.27 | OK | |||
r-devel-linux-x86_64-fedora-gcc | 1.0.5 | 252.57 | OK | |||
r-prerel-macos-arm64 | 1.0.5 | 48.00 | NOTE | |||
r-prerel-windows-x86_64 | 1.0.5 | 100.00 | 72.00 | 172.00 | NOTE | |
r-patched-linux-x86_64 | 1.0.5 | 120.92 | 33.51 | 154.43 | OK | |
r-release-linux-x86_64 | 1.0.5 | 120.60 | 32.29 | 152.89 | OK | |
r-release-macos-arm64 | 1.0.5 | 58.00 | NOTE | |||
r-release-macos-x86_64 | 1.0.5 | 100.00 | NOTE | |||
r-release-windows-x86_64 | 1.0.5 | 104.00 | 76.00 | 180.00 | NOTE | |
r-oldrel-macos-arm64 | 1.0.5 | 53.00 | NOTE | |||
r-oldrel-windows-x86_64 | 1.0.5 | 105.00 | 75.00 | 180.00 | OK |
Version: 1.0.5
Check: installed package size
Result: NOTE
installed size is 5.1Mb
sub-directories of 1Mb or more:
libs 5.0Mb
Flavors: r-prerel-macos-arm64, r-release-macos-arm64, r-release-macos-x86_64, r-oldrel-macos-arm64
Version: 1.0.5
Check: C++ specification
Result: NOTE
Specified C++11: please drop specification unless essential
Flavors: r-prerel-windows-x86_64, r-release-windows-x86_64