Last updated on 2023-06-02 18:52:58 CEST.
Flavor | Version | Tinstall | Tcheck | Ttotal | Status | Flags |
---|---|---|---|---|---|---|
r-devel-linux-x86_64-debian-clang | 1.3.0 | 12.31 | 151.95 | 164.26 | OK | |
r-devel-linux-x86_64-debian-gcc | 1.3.0 | 9.11 | 114.57 | 123.68 | OK | |
r-devel-linux-x86_64-fedora-clang | 1.3.0 | 207.55 | NOTE | |||
r-devel-linux-x86_64-fedora-gcc | 1.3.0 | 215.91 | OK | |||
r-devel-windows-x86_64 | 1.3.0 | 14.00 | 135.00 | 149.00 | NOTE | |
r-patched-linux-x86_64 | 1.3.0 | OK | ||||
r-release-linux-x86_64 | 1.3.0 | 10.26 | 141.46 | 151.72 | OK | |
r-release-macos-arm64 | 1.3.0 | 67.00 | NOTE | |||
r-release-macos-x86_64 | 1.3.0 | 121.00 | NOTE | |||
r-release-windows-x86_64 | 1.3.0 | 16.00 | 172.00 | 188.00 | NOTE | |
r-oldrel-macos-arm64 | 1.3.0 | 66.00 | NOTE | |||
r-oldrel-macos-x86_64 | 1.3.0 | 86.00 | NOTE | |||
r-oldrel-windows-x86_64 | 1.3.0 | 16.00 | 170.00 | 186.00 | NOTE |
Version: 1.3.0
Check: installed package size
Result: NOTE
installed size is 8.8Mb
sub-directories of 1Mb or more:
doc 8.2Mb
Flavors: r-devel-linux-x86_64-fedora-clang, r-devel-windows-x86_64, r-release-macos-arm64, r-release-macos-x86_64, r-release-windows-x86_64, r-oldrel-macos-arm64, r-oldrel-macos-x86_64, r-oldrel-windows-x86_64