Last updated on 2023-06-07 17:55:51 CEST.
Flavor | Version | Tinstall | Tcheck | Ttotal | Status | Flags |
---|---|---|---|---|---|---|
r-devel-linux-x86_64-debian-clang | 0.4.1 | 20.13 | 234.70 | 254.83 | OK | |
r-devel-linux-x86_64-debian-gcc | 0.4.1 | 15.74 | 171.87 | 187.61 | OK | |
r-devel-linux-x86_64-fedora-clang | 0.4.1 | 314.17 | OK | |||
r-devel-linux-x86_64-fedora-gcc | 0.4.1 | 308.56 | OK | |||
r-devel-windows-x86_64 | 0.4.1 | 17.00 | 280.00 | 297.00 | OK | |
r-patched-linux-x86_64 | 0.4.1 | 17.46 | 217.89 | 235.35 | OK | |
r-release-linux-x86_64 | 0.4.1 | 17.84 | 216.80 | 234.64 | OK | |
r-release-macos-arm64 | 0.4.1 | 115.00 | OK | |||
r-release-macos-x86_64 | 0.4.1 | 173.00 | NOTE | |||
r-release-windows-x86_64 | 0.4.1 | 23.00 | 252.00 | 275.00 | OK | |
r-oldrel-macos-arm64 | 0.4.1 | 104.00 | OK | |||
r-oldrel-macos-x86_64 | 0.4.1 | 161.00 | NOTE | |||
r-oldrel-windows-x86_64 | 0.4.1 | 24.00 | 244.00 | 268.00 | OK |
Version: 0.4.1
Check: re-building of vignette outputs
Result: NOTE
Error(s) in re-building vignettes:
...
--- re-building ‘StMoMoVignette.Rnw’ using Sweave
Loading required package: gnm
Loading required package: forecast
Error: processing vignette 'StMoMoVignette.Rnw' failed with diagnostics:
Running 'texi2dvi' on 'StMoMoVignette.tex' failed.
LaTeX errors:
! LaTeX Error: File `ctable.sty' not found.
Type X to quit or <RETURN> to proceed,
or enter new name. (Default extension: sty)
! Emergency stop.
<read *>
l.7 \usepackage
[caption = false]{subfig}^^M
! ==> Fatal error occurred, no output PDF file produced!
--- failed re-building 'StMoMoVignette.Rnw'
SUMMARY: processing the following file failed:
'StMoMoVignette.Rnw'
Error: Vignette re-building failed.
Execution halted
Flavor: r-release-macos-x86_64
Version: 0.4.1
Check: package dependencies
Result: NOTE
Package suggested but not available for checking: ‘MTS’
Flavor: r-oldrel-macos-x86_64