Last updated on 2023-04-01 09:55:39 CEST.
Flavor | Version | Tinstall | Tcheck | Ttotal | Status | Flags |
---|---|---|---|---|---|---|
r-devel-linux-x86_64-debian-clang | 2.21.0-7 | 33.24 | 488.95 | 522.19 | OK | |
r-devel-linux-x86_64-debian-gcc | 2.21.0-7 | 24.07 | 397.06 | 421.13 | OK | |
r-devel-linux-x86_64-fedora-clang | 2.21.0-7 | 672.65 | NOTE | |||
r-devel-linux-x86_64-fedora-gcc | 2.21.0-7 | 703.32 | OK | |||
r-devel-windows-x86_64 | 2.21.0-7 | 2325.00 | 615.00 | 2940.00 | NOTE | |
r-patched-linux-x86_64 | 2.21.0-7 | 27.26 | 477.73 | 504.99 | OK | |
r-release-linux-x86_64 | 2.21.0-7 | 26.37 | 494.23 | 520.60 | OK | |
r-release-macos-arm64 | 2.21.0-7 | 144.00 | NOTE | |||
r-release-macos-x86_64 | 2.21.0-7 | 193.00 | NOTE | |||
r-release-windows-x86_64 | 2.21.0-7 | 200.00 | 617.00 | 817.00 | NOTE | |
r-oldrel-macos-arm64 | 2.21.0-7 | 174.00 | NOTE | |||
r-oldrel-macos-x86_64 | 2.21.0-7 | 304.00 | NOTE | |||
r-oldrel-windows-ix86+x86_64 | 2.21.0-7 | 104.00 | 635.00 | 739.00 | NOTE |
Version: 2.21.0-7
Check: installed package size
Result: NOTE
installed size is 11.8Mb
sub-directories of 1Mb or more:
include 10.7Mb
Flavors: r-devel-linux-x86_64-fedora-clang, r-devel-windows-x86_64, r-release-macos-arm64, r-release-macos-x86_64, r-release-windows-x86_64, r-oldrel-macos-arm64, r-oldrel-macos-x86_64, r-oldrel-windows-ix86+x86_64