Last updated on 2024-04-26 08:55:16 CEST.
Flavor | Version | Tinstall | Tcheck | Ttotal | Status | Flags |
---|---|---|---|---|---|---|
r-devel-linux-x86_64-debian-clang | 1.6.7 | 113.67 | 107.77 | 221.44 | NOTE | |
r-devel-linux-x86_64-debian-gcc | 1.6.7 | 78.91 | 75.82 | 154.73 | NOTE | |
r-devel-linux-x86_64-fedora-clang | 1.6.7 | 311.80 | NOTE | |||
r-devel-linux-x86_64-fedora-gcc | 1.6.7 | 304.45 | NOTE | |||
r-devel-windows-x86_64 | 1.6.7 | 84.00 | 114.00 | 198.00 | NOTE | |
r-patched-linux-x86_64 | 1.6.7 | 108.03 | 103.74 | 211.77 | NOTE | |
r-release-linux-x86_64 | 1.6.7 | 109.86 | 105.36 | 215.22 | OK | |
r-release-macos-arm64 | 1.6.7 | 61.00 | NOTE | |||
r-release-windows-x86_64 | 1.6.7 | 83.00 | 108.00 | 191.00 | NOTE | |
r-oldrel-macos-arm64 | 1.6.7 | 78.00 | OK | |||
r-oldrel-macos-x86_64 | 1.6.7 | 117.00 | OK | |||
r-oldrel-windows-x86_64 | 1.6.7 | 110.00 | 136.00 | 246.00 | OK |
Version: 1.6.7
Check: Rd files
Result: NOTE
checkRd: (-1) landmarkMatrixToList.Rd:10: Lost braces
10 | \item{semilandmark.pattern}{a regular expression pattern passed to \code{sub()} for identifying and grouping curve points. The default is landmark names ending in one or more numbers. To disable grouping, set to code{''}.}
| ^
Flavors: r-devel-linux-x86_64-debian-clang, r-devel-linux-x86_64-debian-gcc, r-devel-linux-x86_64-fedora-clang, r-devel-linux-x86_64-fedora-gcc, r-devel-windows-x86_64, r-patched-linux-x86_64, r-release-macos-arm64, r-release-windows-x86_64