CRAN Package Check Results for Package Storm

Last updated on 2023-12-06 00:58:29 CET.

Flavor Version Tinstall Tcheck Ttotal Status Flags
r-devel-linux-x86_64-debian-clang 1.2 3.19 23.36 26.55 NOTE
r-devel-linux-x86_64-debian-gcc 1.2 2.08 18.69 20.77 NOTE
r-devel-linux-x86_64-fedora-clang 1.2 34.49 NOTE
r-devel-linux-x86_64-fedora-gcc 1.2 32.54 NOTE
r-devel-windows-x86_64 1.2 3.00 42.00 45.00 NOTE
r-patched-linux-x86_64 1.2 2.77 23.40 26.17 NOTE
r-release-linux-x86_64 1.2 2.29 23.62 25.91 NOTE
r-release-macos-arm64 1.2 17.00 NOTE
r-release-macos-x86_64 1.2 20.00 NOTE
r-release-windows-x86_64 1.2 5.00 40.00 45.00 NOTE
r-oldrel-macos-arm64 1.2 16.00 NOTE
r-oldrel-macos-x86_64 1.2 21.00 NOTE
r-oldrel-windows-x86_64 1.2 7.00 46.00 53.00 NOTE

Check Details

Version: 1.2
Check: DESCRIPTION meta-information
Result: NOTE Malformed Title field: should not end in a period. Flavors: r-devel-linux-x86_64-debian-clang, r-devel-linux-x86_64-debian-gcc, r-devel-linux-x86_64-fedora-clang, r-devel-linux-x86_64-fedora-gcc, r-devel-windows-x86_64, r-patched-linux-x86_64, r-release-linux-x86_64, r-release-macos-arm64, r-release-macos-x86_64, r-release-windows-x86_64, r-oldrel-macos-arm64, r-oldrel-macos-x86_64, r-oldrel-windows-x86_64