Last updated on 2024-07-18 00:55:07 CEST.
Flavor | Version | Tinstall | Tcheck | Ttotal | Status | Flags |
---|---|---|---|---|---|---|
r-devel-linux-x86_64-debian-clang | 1.0.5 | 21.15 | 336.20 | 357.35 | OK | |
r-devel-linux-x86_64-debian-gcc | 1.0.5 | 13.28 | 250.15 | 263.43 | OK | |
r-devel-linux-x86_64-fedora-clang | 1.0.5 | 439.01 | NOTE | |||
r-devel-linux-x86_64-fedora-gcc | 1.0.5 | 446.23 | OK | |||
r-devel-windows-x86_64 | 1.0.5 | 16.00 | 158.00 | 174.00 | NOTE | |
r-patched-linux-x86_64 | 1.0.5 | 11.22 | 316.72 | 327.94 | OK | |
r-release-linux-x86_64 | 1.0.5 | 16.79 | 321.00 | 337.79 | OK | |
r-release-macos-arm64 | 1.0.5 | 87.00 | NOTE | |||
r-release-macos-x86_64 | 1.0.5 | 139.00 | NOTE | |||
r-release-windows-x86_64 | 1.0.5 | 15.00 | 153.00 | 168.00 | NOTE | |
r-oldrel-macos-arm64 | 1.0.5 | 97.00 | NOTE | |||
r-oldrel-macos-x86_64 | 1.0.5 | 164.00 | NOTE | |||
r-oldrel-windows-x86_64 | 1.0.5 | 19.00 | 196.00 | 215.00 | NOTE |
Version: 1.0.5
Check: installed package size
Result: NOTE
installed size is 5.7Mb
sub-directories of 1Mb or more:
doc 5.0Mb
Flavors: r-devel-linux-x86_64-fedora-clang, r-devel-windows-x86_64, r-release-macos-arm64, r-release-macos-x86_64, r-release-windows-x86_64, r-oldrel-macos-arm64, r-oldrel-macos-x86_64, r-oldrel-windows-x86_64