Last updated on 2024-03-27 23:59:59 CET.
Flavor | Version | Tinstall | Tcheck | Ttotal | Status | Flags |
---|---|---|---|---|---|---|
r-devel-linux-x86_64-debian-clang | 1.0.5 | 14.63 | 320.94 | 335.57 | OK | |
r-devel-linux-x86_64-debian-gcc | 1.0.5 | 13.27 | 254.84 | 268.11 | OK | |
r-devel-linux-x86_64-fedora-clang | 1.0.5 | 413.80 | NOTE | |||
r-devel-linux-x86_64-fedora-gcc | 1.0.5 | 420.81 | OK | |||
r-devel-windows-x86_64 | 1.0.5 | 16.00 | 154.00 | 170.00 | NOTE | |
r-patched-linux-x86_64 | 1.0.5 | 17.17 | 319.77 | 336.94 | OK | |
r-release-linux-x86_64 | 1.0.5 | 13.18 | 311.61 | 324.79 | OK | |
r-release-macos-arm64 | 1.0.5 | 97.00 | NOTE | |||
r-release-macos-x86_64 | 1.0.5 | 164.00 | NOTE | |||
r-release-windows-x86_64 | 1.0.5 | 19.00 | 191.00 | 210.00 | NOTE | |
r-oldrel-macos-arm64 | 1.0.5 | 92.00 | NOTE | |||
r-oldrel-windows-x86_64 | 1.0.5 | 20.00 | 197.00 | 217.00 | NOTE |
Version: 1.0.5
Check: installed package size
Result: NOTE
installed size is 5.7Mb
sub-directories of 1Mb or more:
doc 5.0Mb
Flavors: r-devel-linux-x86_64-fedora-clang, r-devel-windows-x86_64, r-release-macos-arm64, r-release-macos-x86_64, r-release-windows-x86_64, r-oldrel-macos-arm64, r-oldrel-windows-x86_64