Last updated on 2024-04-23 08:58:18 CEST.
Flavor | Version | Tinstall | Tcheck | Ttotal | Status | Flags |
---|---|---|---|---|---|---|
r-devel-linux-x86_64-debian-clang | 0.2.1 | 555.73 | 312.48 | 868.21 | NOTE | |
r-devel-linux-x86_64-debian-gcc | 0.2.1 | 435.08 | 216.95 | 652.03 | NOTE | |
r-devel-linux-x86_64-fedora-clang | 0.2.1 | 1300.49 | NOTE | |||
r-devel-linux-x86_64-fedora-gcc | 0.2.1 | 1277.74 | NOTE | |||
r-prerel-macos-arm64 | 0.2.1 | 197.00 | NOTE | |||
r-prerel-windows-x86_64 | 0.2.1 | 418.00 | 200.00 | 618.00 | NOTE | |
r-patched-linux-x86_64 | 0.2.1 | 548.09 | 289.64 | 837.73 | NOTE | |
r-release-linux-x86_64 | 0.2.1 | 558.08 | 285.22 | 843.30 | NOTE | |
r-release-macos-arm64 | 0.2.1 | 269.00 | NOTE | |||
r-release-macos-x86_64 | 0.2.1 | 464.00 | NOTE | |||
r-release-windows-x86_64 | 0.2.1 | 522.00 | 282.00 | 804.00 | NOTE | |
r-oldrel-macos-arm64 | 0.2.1 | 237.00 | NOTE | |||
r-oldrel-windows-x86_64 | 0.2.1 | 512.00 | 276.00 | 788.00 | OK |
Version: 0.2.1
Check: C++ specification
Result: NOTE
Specified C++11: please drop specification unless essential
Flavors: r-devel-linux-x86_64-debian-clang, r-devel-linux-x86_64-debian-gcc, r-devel-linux-x86_64-fedora-clang, r-devel-linux-x86_64-fedora-gcc, r-prerel-macos-arm64, r-prerel-windows-x86_64, r-patched-linux-x86_64, r-release-linux-x86_64, r-release-macos-arm64, r-release-macos-x86_64, r-release-windows-x86_64
Version: 0.2.1
Check: installed package size
Result: NOTE
installed size is 11.1Mb
sub-directories of 1Mb or more:
libs 10.1Mb
Flavors: r-prerel-macos-arm64, r-release-macos-arm64, r-release-macos-x86_64, r-oldrel-macos-arm64