Last updated on 2024-04-20 00:56:25 CEST.
Flavor | Version | Tinstall | Tcheck | Ttotal | Status | Flags |
---|---|---|---|---|---|---|
r-devel-linux-x86_64-debian-clang | 2.0.2 | 0.45 | 2.12 | 2.57 | ERROR | |
r-devel-linux-x86_64-debian-gcc | 2.0.2 | OK | ||||
r-devel-linux-x86_64-fedora-clang | 2.0.2 | 209.05 | OK | |||
r-devel-linux-x86_64-fedora-gcc | 2.0.2 | 208.81 | OK | |||
r-prerel-macos-arm64 | 2.0.2 | 60.00 | OK | |||
r-prerel-macos-x86_64 | 2.0.2 | 121.00 | OK | |||
r-prerel-windows-x86_64 | 2.0.2 | 16.00 | 111.00 | 127.00 | OK | |
r-patched-linux-x86_64 | 2.0.2 | 17.27 | 141.04 | 158.31 | OK | |
r-release-linux-x86_64 | 2.0.2 | 17.22 | 146.23 | 163.45 | OK | |
r-release-macos-arm64 | 2.0.2 | 74.00 | OK | |||
r-release-macos-x86_64 | 2.0.2 | 90.00 | OK | |||
r-release-windows-x86_64 | 2.0.2 | 21.00 | 144.00 | 165.00 | OK | |
r-oldrel-macos-arm64 | 2.0.2 | 55.00 | OK | |||
r-oldrel-windows-x86_64 | 2.0.2 | 21.00 | 143.00 | 164.00 | OK |
Version: 2.0.2
Check: package dependencies
Result: ERROR
Package required but not available: ‘Biostrings’
See section ‘The DESCRIPTION file’ in the ‘Writing R Extensions’
manual.
Flavor: r-devel-linux-x86_64-debian-clang