CRAN Package Check Results for Package SubgrPlots

Last updated on 2021-12-04 04:52:41 CET.

Flavor Version Tinstall Tcheck Ttotal Status Flags
r-devel-linux-x86_64-debian-clang 0.1.3 32.71 307.49 340.20 OK
r-devel-linux-x86_64-debian-gcc 0.1.3 27.88 168.19 196.07 WARN
r-devel-linux-x86_64-fedora-clang 0.1.3 443.44 NOTE
r-devel-linux-x86_64-fedora-gcc 0.1.3 411.35 NOTE
r-devel-windows-x86_64-new-UL 0.1.3 55.00 751.00 806.00 OK
r-devel-windows-x86_64-new-TK 0.1.3 NOTE
r-devel-windows-x86_64-old 0.1.3 50.00 282.00 332.00 OK
r-patched-linux-x86_64 0.1.3 31.96 291.32 323.28 OK
r-release-linux-x86_64 0.1.3 29.00 290.91 319.91 OK
r-release-macos-arm64 0.1.3 NOTE
r-release-macos-x86_64 0.1.3 NOTE
r-release-windows-ix86+x86_64 0.1.3 59.00 367.00 426.00 OK
r-oldrel-macos-x86_64 0.1.3 NOTE
r-oldrel-windows-ix86+x86_64 0.1.3 57.00 365.00 422.00 OK

Check Details

Version: 0.1.3
Check: re-building of vignette outputs
Result: WARN
    Error(s) in re-building vignettes:
     ...
    --- re-building ‘package_functions.Rmd’ using rmarkdown
    Quitting from lines 242-276 (package_functions.Rmd)
    Error: processing vignette ‘package_functions.Rmd’ failed with diagnostics:
    non-numeric argument to binary operator
    --- failed re-building ‘package_functions.Rmd’
    
    SUMMARY: processing the following file failed:
     ‘package_functions.Rmd’
    
    Error: Vignette re-building failed.
    Execution halted
Flavor: r-devel-linux-x86_64-debian-gcc

Version: 0.1.3
Check: dependencies in R code
Result: NOTE
    Namespaces in Imports field not imported from:
     ‘UpSetR’ ‘alluvial’ ‘gridBase’
     All declared Imports should be used.
Flavors: r-devel-linux-x86_64-fedora-clang, r-devel-linux-x86_64-fedora-gcc, r-devel-windows-x86_64-new-TK, r-release-macos-arm64, r-release-macos-x86_64, r-oldrel-macos-x86_64