CRAN Package Check Results for Package SubtypeDrug

Last updated on 2021-11-27 04:55:59 CET.

Flavor Version Tinstall Tcheck Ttotal Status Flags
r-devel-linux-x86_64-debian-clang 0.1.5 OK
r-devel-linux-x86_64-debian-gcc 0.1.5 43.44 305.55 348.99 OK
r-devel-linux-x86_64-fedora-clang 0.1.5 577.61 OK
r-devel-linux-x86_64-fedora-gcc 0.1.5 546.04 OK
r-devel-windows-x86_64-new-UL 0.1.5 49.00 7.00 56.00 ERROR
r-devel-windows-x86_64-new-TK 0.1.5 OK
r-devel-windows-x86_64-old 0.1.5 52.00 392.00 444.00 OK
r-patched-linux-x86_64 0.1.5 40.37 387.41 427.78 OK
r-release-linux-x86_64 0.1.5 OK
r-release-macos-arm64 0.1.5 NOTE
r-release-macos-x86_64 0.1.5 OK
r-release-windows-ix86+x86_64 0.1.5 107.00 522.00 629.00 OK
r-oldrel-macos-x86_64 0.1.5 ERROR
r-oldrel-windows-ix86+x86_64 0.1.5 67.00 375.00 442.00 OK

Check Details

Version: 0.1.5
Check: whether package can be installed
Result: ERROR
    Installation failed.
Flavor: r-devel-windows-x86_64-new-UL

Version: 0.1.5
Check: installed package size
Result: NOTE
     installed size is 5.3Mb
     sub-directories of 1Mb or more:
     data 4.6Mb
Flavor: r-release-macos-arm64

Version: 0.1.5
Check: package dependencies
Result: ERROR
    Package required but not available: ‘ChemmineR’
    
    See section ‘The DESCRIPTION file’ in the ‘Writing R Extensions’
    manual.
Flavor: r-oldrel-macos-x86_64