Last updated on 2024-04-17 16:53:23 CEST.
Flavor | Version | Tinstall | Tcheck | Ttotal | Status | Flags |
---|---|---|---|---|---|---|
r-devel-linux-x86_64-debian-clang | 0.1.2 | 23.48 | 75.21 | 98.69 | OK | |
r-devel-linux-x86_64-debian-gcc | 0.1.2 | 19.28 | 55.66 | 74.94 | OK | |
r-devel-linux-x86_64-fedora-clang | 0.1.2 | 123.83 | NOTE | |||
r-devel-linux-x86_64-fedora-gcc | 0.1.2 | 141.08 | NOTE | |||
r-prerel-macos-arm64 | 0.1.2 | 51.00 | OK | |||
r-prerel-windows-x86_64 | 0.1.2 | 24.00 | 77.00 | 101.00 | OK | |
r-patched-linux-x86_64 | 0.1.2 | 21.21 | 71.78 | 92.99 | OK | |
r-release-linux-x86_64 | 0.1.2 | 21.32 | 70.55 | 91.87 | OK | |
r-release-macos-arm64 | 0.1.2 | 60.00 | OK | |||
r-release-macos-x86_64 | 0.1.2 | 80.00 | OK | |||
r-release-windows-x86_64 | 0.1.2 | 29.00 | 89.00 | 118.00 | OK | |
r-oldrel-macos-arm64 | 0.1.2 | 54.00 | NOTE | |||
r-oldrel-windows-x86_64 | 0.1.2 | 30.00 | 91.00 | 121.00 | OK |
Version: 0.1.2
Check: dependencies in R code
Result: NOTE
Namespace in Imports field not imported from: ‘data.table’
All declared Imports should be used.
Flavors: r-devel-linux-x86_64-fedora-clang, r-devel-linux-x86_64-fedora-gcc, r-oldrel-macos-arm64