Last updated on 2022-06-28 08:51:39 CEST.
Flavor | Version | Tinstall | Tcheck | Ttotal | Status | Flags |
---|---|---|---|---|---|---|
r-devel-linux-x86_64-debian-clang | 2.0-28 | 6.27 | 406.32 | 412.59 | NOTE | |
r-devel-linux-x86_64-debian-gcc | 2.0-28 | 5.66 | 299.49 | 305.15 | NOTE | |
r-devel-linux-x86_64-fedora-clang | 2.0-28 | 450.28 | WARN | |||
r-devel-linux-x86_64-fedora-gcc | 2.0-28 | 447.24 | WARN | |||
r-devel-windows-x86_64 | 2.0-28 | 122.00 | 402.00 | 524.00 | OK | |
r-patched-linux-x86_64 | 2.0-28 | 8.67 | 367.48 | 376.15 | NOTE | |
r-release-linux-x86_64 | 2.0-28 | 7.61 | 372.08 | 379.69 | NOTE | |
r-release-macos-arm64 | 2.0-28 | 169.00 | NOTE | |||
r-release-macos-x86_64 | 2.0-28 | 168.00 | OK | |||
r-release-windows-x86_64 | 2.0-28 | 93.00 | 399.00 | 492.00 | OK | |
r-oldrel-macos-arm64 | 2.0-28 | 266.00 | OK | |||
r-oldrel-macos-x86_64 | 2.0-28 | 278.00 | OK | |||
r-oldrel-windows-ix86+x86_64 | 2.0-28 | 14.00 | 483.00 | 497.00 | FAIL |
Version: 2.0-28
Check: package dependencies
Result: NOTE
Package suggested but not available for checking: 'extraTrees'
Flavors: r-devel-linux-x86_64-debian-clang, r-devel-linux-x86_64-debian-gcc, r-patched-linux-x86_64, r-release-linux-x86_64
Version: 2.0-28
Check: Rd cross-references
Result: NOTE
Unknown package 'extraTrees' in Rd xrefs
Flavors: r-devel-linux-x86_64-debian-clang, r-devel-linux-x86_64-debian-gcc, r-devel-linux-x86_64-fedora-clang, r-devel-linux-x86_64-fedora-gcc, r-patched-linux-x86_64, r-release-linux-x86_64
Version: 2.0-28
Check: package dependencies
Result: WARN
Package suggested but not available for checking: ‘extraTrees’
Requires (indirectly) orphaned package: ‘gtools’
Flavors: r-devel-linux-x86_64-fedora-clang, r-devel-linux-x86_64-fedora-gcc
Version: 2.0-28
Check: package dependencies
Result: NOTE
Packages suggested but not available for checking: 'genefilter', 'sva'
Flavor: r-release-macos-arm64
Version: 2.0-28
Check: re-building of vignette outputs
Result: FAIL
Flavor: r-oldrel-windows-ix86+x86_64