CRAN Package Check Results for Package Surrogate

Last updated on 2022-01-18 20:50:55 CET.

Flavor Version Tinstall Tcheck Ttotal Status Flags
r-devel-linux-x86_64-debian-clang 2.0 39.50 255.54 295.04 OK
r-devel-linux-x86_64-debian-gcc 2.0 39.04 195.99 235.03 OK
r-devel-linux-x86_64-fedora-clang 2.0 381.58 NOTE
r-devel-linux-x86_64-fedora-gcc 2.0 366.23 NOTE
r-devel-windows-x86_64-new-UL 2.0 170.00 273.00 443.00 OK
r-devel-windows-x86_64-new-TK 2.0 ERROR
r-patched-linux-x86_64 2.0 48.38 249.46 297.84 OK
r-release-linux-x86_64 2.0 OK
r-release-macos-arm64 2.0 NOTE
r-release-macos-x86_64 2.0 NOTE
r-release-windows-ix86+x86_64 2.0 71.00 286.00 357.00 OK
r-oldrel-macos-x86_64 2.0 NOTE
r-oldrel-windows-ix86+x86_64 2.0 69.00 289.00 358.00 OK

Check Details

Version: 2.0
Check: dependencies in R code
Result: NOTE
    Namespace in Imports field not imported from: ‘rootSolve’
     All declared Imports should be used.
Flavors: r-devel-linux-x86_64-fedora-clang, r-devel-linux-x86_64-fedora-gcc, r-release-macos-arm64, r-release-macos-x86_64, r-oldrel-macos-x86_64

Version: 2.0
Check: package dependencies
Result: ERROR
    Package required but not available: 'lme4'
    
    See section 'The DESCRIPTION file' in the 'Writing R Extensions'
    manual.
Flavor: r-devel-windows-x86_64-new-TK