Last updated on 2023-06-04 08:57:24 CEST.
Flavor | Version | Tinstall | Tcheck | Ttotal | Status | Flags |
---|---|---|---|---|---|---|
r-devel-linux-x86_64-debian-clang | 0.1.0 | 8.36 | 103.51 | 111.87 | NOTE | |
r-devel-linux-x86_64-debian-gcc | 0.1.0 | 7.22 | 77.30 | 84.52 | NOTE | |
r-devel-linux-x86_64-fedora-clang | 0.1.0 | 138.92 | NOTE | |||
r-devel-linux-x86_64-fedora-gcc | 0.1.0 | 154.34 | NOTE | |||
r-devel-windows-x86_64 | 0.1.0 | 9.00 | 91.00 | 100.00 | NOTE | |
r-patched-linux-x86_64 | 0.1.0 | 8.03 | 98.58 | 106.61 | NOTE | |
r-release-linux-x86_64 | 0.1.0 | 7.26 | 99.57 | 106.83 | NOTE | |
r-release-macos-arm64 | 0.1.0 | 43.00 | NOTE | |||
r-release-macos-x86_64 | 0.1.0 | 66.00 | NOTE | |||
r-release-windows-x86_64 | 0.1.0 | 10.00 | 103.00 | 113.00 | NOTE | |
r-oldrel-macos-arm64 | 0.1.0 | 36.00 | NOTE | |||
r-oldrel-macos-x86_64 | 0.1.0 | 53.00 | NOTE | |||
r-oldrel-windows-x86_64 | 0.1.0 | 11.00 | 105.00 | 116.00 | NOTE |
Version: 0.1.0
Check: LazyData
Result: NOTE
'LazyData' is specified without a 'data' directory
Flavors: r-devel-linux-x86_64-debian-clang, r-devel-linux-x86_64-debian-gcc, r-devel-linux-x86_64-fedora-clang, r-devel-linux-x86_64-fedora-gcc, r-devel-windows-x86_64, r-patched-linux-x86_64, r-release-linux-x86_64, r-release-macos-arm64, r-release-macos-x86_64, r-release-windows-x86_64, r-oldrel-macos-arm64, r-oldrel-macos-x86_64, r-oldrel-windows-x86_64
Version: 0.1.0
Check: dependencies in R code
Result: NOTE
Namespace in Imports field not imported from: ‘base’
All declared Imports should be used.
Flavors: r-devel-linux-x86_64-fedora-clang, r-devel-linux-x86_64-fedora-gcc, r-oldrel-macos-arm64, r-oldrel-macos-x86_64