CRAN Package Check Results for Package SurvMetrics

Last updated on 2024-02-23 16:53:32 CET.

Flavor Version Tinstall Tcheck Ttotal Status Flags
r-devel-linux-x86_64-debian-clang 0.5.0 ERROR
r-devel-linux-x86_64-debian-gcc 0.5.0 9.28 175.41 184.69 ERROR
r-devel-linux-x86_64-fedora-clang 0.5.0 314.24 OK
r-devel-linux-x86_64-fedora-gcc 0.5.0 330.54 OK
r-devel-windows-x86_64 0.5.0 12.00 221.00 233.00 OK
r-patched-linux-x86_64 0.5.0 12.82 235.46 248.28 ERROR
r-release-linux-x86_64 0.5.0 12.12 236.82 248.94 OK
r-release-macos-arm64 0.5.0 96.00 OK
r-release-macos-x86_64 0.5.0 163.00 OK
r-release-windows-x86_64 0.5.0 15.00 236.00 251.00 OK
r-oldrel-macos-arm64 0.5.0 67.00 OK
r-oldrel-windows-x86_64 0.5.0 17.00 246.00 263.00 OK

Check Details

Version: 0.5.0
Check: re-building of vignette outputs
Result: ERROR Error(s) in re-building vignettes: ... --- re-building ‘SurvMetrics-vignette.Rmd’ using rmarkdown Could not fetch http://www.zotero.org/styles/association-for-computing-machinery HttpExceptionRequest Request { host = "www.zotero.org" port = 80 secure = False requestHeaders = [] path = "/styles/association-for-computing-machinery" queryString = "" method = "GET" proxy = Nothing rawBody = False redirectCount = 10 responseTimeout = ResponseTimeoutDefault requestVersion = HTTP/1.1 proxySecureMode = ProxySecureWithConnect } (InternalException (HandshakeFailed (Error_Protocol "peer does not support Extended Main Secret" HandshakeFailure))) Error: processing vignette 'SurvMetrics-vignette.Rmd' failed with diagnostics: pandoc document conversion failed with error 61 --- failed re-building ‘SurvMetrics-vignette.Rmd’ SUMMARY: processing the following file failed: ‘SurvMetrics-vignette.Rmd’ Error: Vignette re-building failed. Execution halted Flavors: r-devel-linux-x86_64-debian-clang, r-devel-linux-x86_64-debian-gcc, r-patched-linux-x86_64