CRAN Package Check Results for Package SurviMChd

Last updated on 2021-10-27 16:49:21 CEST.

Flavor Version Tinstall Tcheck Ttotal Status Flags
r-devel-linux-x86_64-debian-clang 0.1.1 11.96 86.26 98.22 OK
r-devel-linux-x86_64-debian-gcc 0.1.1 9.29 65.21 74.50 OK
r-devel-linux-x86_64-fedora-clang 0.1.1 127.80 NOTE
r-devel-linux-x86_64-fedora-gcc 0.1.1 114.00 NOTE
r-devel-windows-x86_64 0.1.1 18.00 114.00 132.00 OK
r-devel-windows-x86_64-gcc10-UCRT 0.1.1 NOTE
r-patched-linux-x86_64 0.1.1 11.30 82.98 94.28 OK
r-patched-solaris-x86 0.1.1 176.50 NOTE
r-release-linux-x86_64 0.1.1 11.19 82.41 93.60 OK
r-release-macos-arm64 0.1.1 NOTE
r-release-macos-x86_64 0.1.1 NOTE
r-release-windows-ix86+x86_64 0.1.1 19.00 109.00 128.00 OK
r-oldrel-macos-x86_64 0.1.1 NOTE
r-oldrel-windows-ix86+x86_64 0.1.1 28.00 107.00 135.00 OK

Check Details

Version: 0.1.1
Check: dependencies in R code
Result: NOTE
    Namespaces in Imports field not imported from:
     ‘Rdpack’ ‘readr’ ‘rlang’ ‘survival’ ‘tidyverse’ ‘utils’
     All declared Imports should be used.
Flavors: r-devel-linux-x86_64-fedora-clang, r-devel-linux-x86_64-fedora-gcc, r-devel-windows-x86_64-gcc10-UCRT, r-patched-solaris-x86, r-release-macos-arm64, r-release-macos-x86_64, r-oldrel-macos-x86_64