Last updated on 2023-06-05 16:55:09 CEST.
Flavor | Version | Tinstall | Tcheck | Ttotal | Status | Flags |
---|---|---|---|---|---|---|
r-devel-linux-x86_64-debian-clang | 0.1.2 | 242.62 | 213.53 | 456.15 | NOTE | |
r-devel-linux-x86_64-debian-gcc | 0.1.2 | 187.99 | 156.89 | 344.88 | NOTE | |
r-devel-linux-x86_64-fedora-clang | 0.1.2 | 632.86 | NOTE | |||
r-devel-linux-x86_64-fedora-gcc | 0.1.2 | 626.35 | NOTE | |||
r-devel-windows-x86_64 | 0.1.2 | 179.00 | 198.00 | 377.00 | NOTE | |
r-patched-linux-x86_64 | 0.1.2 | 190.96 | 197.85 | 388.81 | NOTE | |
r-release-linux-x86_64 | 0.1.2 | 185.02 | 196.38 | 381.40 | NOTE | |
r-release-macos-arm64 | 0.1.2 | 147.00 | NOTE | |||
r-release-macos-x86_64 | 0.1.2 | 260.00 | NOTE | |||
r-release-windows-x86_64 | 0.1.2 | 225.00 | 245.00 | 470.00 | NOTE | |
r-oldrel-macos-arm64 | 0.1.2 | 134.00 | NOTE | |||
r-oldrel-macos-x86_64 | 0.1.2 | 210.00 | NOTE | |||
r-oldrel-windows-x86_64 | 0.1.2 | 221.00 | 342.00 | 563.00 | OK |
Version: 0.1.2
Check: C++ specification
Result: NOTE
Specified C++11: please drop specification unless essential
Flavors: r-devel-linux-x86_64-debian-clang, r-devel-linux-x86_64-debian-gcc, r-devel-linux-x86_64-fedora-clang, r-devel-linux-x86_64-fedora-gcc, r-devel-windows-x86_64, r-patched-linux-x86_64, r-release-linux-x86_64, r-release-macos-arm64, r-release-macos-x86_64, r-release-windows-x86_64
Version: 0.1.2
Check: Rd cross-references
Result: NOTE
Undeclared package ‘HSAUR3’ in Rd xrefs
Flavor: r-devel-linux-x86_64-fedora-clang
Version: 0.1.2
Check: installed package size
Result: NOTE
installed size is 12.0Mb
sub-directories of 1Mb or more:
libs 11.6Mb
Flavors: r-release-macos-arm64, r-release-macos-x86_64, r-oldrel-macos-arm64, r-oldrel-macos-x86_64