Last updated on 2024-04-20 00:56:26 CEST.
Flavor | Version | Tinstall | Tcheck | Ttotal | Status | Flags |
---|---|---|---|---|---|---|
r-devel-linux-x86_64-debian-clang | 0.1.2 | 239.50 | 207.40 | 446.90 | NOTE | |
r-devel-linux-x86_64-debian-gcc | 0.1.2 | NOTE | ||||
r-devel-linux-x86_64-fedora-clang | 0.1.2 | 621.15 | NOTE | |||
r-devel-linux-x86_64-fedora-gcc | 0.1.2 | 649.49 | NOTE | |||
r-prerel-macos-arm64 | 0.1.2 | 114.00 | NOTE | |||
r-prerel-macos-x86_64 | 0.1.2 | 201.00 | NOTE | |||
r-prerel-windows-x86_64 | 0.1.2 | 190.00 | 321.00 | 511.00 | NOTE | |
r-patched-linux-x86_64 | 0.1.2 | 187.71 | 195.81 | 383.52 | NOTE | |
r-release-linux-x86_64 | 0.1.2 | 215.87 | 198.33 | 414.20 | NOTE | |
r-release-macos-arm64 | 0.1.2 | 147.00 | NOTE | |||
r-release-macos-x86_64 | 0.1.2 | 260.00 | NOTE | |||
r-release-windows-x86_64 | 0.1.2 | 232.00 | 244.00 | 476.00 | NOTE | |
r-oldrel-macos-arm64 | 0.1.2 | 134.00 | NOTE | |||
r-oldrel-windows-x86_64 | 0.1.2 | 224.00 | 246.00 | 470.00 | OK |
Version: 0.1.2
Check: C++ specification
Result: NOTE
Specified C++11: please drop specification unless essential
Flavors: r-devel-linux-x86_64-debian-clang, r-devel-linux-x86_64-debian-gcc, r-devel-linux-x86_64-fedora-clang, r-devel-linux-x86_64-fedora-gcc, r-prerel-macos-arm64, r-prerel-macos-x86_64, r-prerel-windows-x86_64, r-patched-linux-x86_64, r-release-linux-x86_64, r-release-macos-arm64, r-release-macos-x86_64, r-release-windows-x86_64
Version: 0.1.2
Check: Rd cross-references
Result: NOTE
Undeclared package ‘HSAUR3’ in Rd xrefs
Flavor: r-devel-linux-x86_64-fedora-clang
Version: 0.1.2
Check: installed package size
Result: NOTE
installed size is 11.5Mb
sub-directories of 1Mb or more:
libs 11.0Mb
Flavors: r-prerel-macos-arm64, r-prerel-macos-x86_64, r-release-macos-arm64, r-release-macos-x86_64, r-oldrel-macos-arm64