Last updated on 2024-04-28 00:56:56 CEST.
Flavor | Version | Tinstall | Tcheck | Ttotal | Status | Flags |
---|---|---|---|---|---|---|
r-devel-linux-x86_64-debian-clang | 2018.5-1 | 273.73 | 23.27 | 297.00 | NOTE | |
r-devel-linux-x86_64-debian-gcc | 2018.5-1 | 183.06 | 18.02 | 201.08 | NOTE | |
r-devel-linux-x86_64-fedora-clang | 2018.5-1 | 462.23 | NOTE | |||
r-devel-linux-x86_64-fedora-gcc | 2018.5-1 | 412.92 | NOTE | |||
r-devel-windows-x86_64 | 2018.5-1 | 234.00 | 56.00 | 290.00 | NOTE | |
r-patched-linux-x86_64 | 2018.5-1 | 249.89 | 22.83 | 272.72 | NOTE | |
r-release-linux-x86_64 | 2018.5-1 | 241.70 | 20.92 | 262.62 | OK | |
r-release-macos-arm64 | 2018.5-1 | 60.00 | NOTE | |||
r-release-windows-x86_64 | 2018.5-1 | 234.00 | 56.00 | 290.00 | NOTE | |
r-oldrel-macos-arm64 | 2018.5-1 | 79.00 | OK | |||
r-oldrel-macos-x86_64 | 2018.5-1 | 147.00 | OK | |||
r-oldrel-windows-x86_64 | 2018.5-1 | 297.00 | 175.00 | 472.00 | OK |
Version: 2018.5-1
Check: Rd files
Result: NOTE
checkRd: (-1) TAQ-functions.Rd:119: Lost braces
119 | Brownlees, C. T., and Gallo, G. M. (2006). Financial Econometric Analysis at Ultra{--}High Frequency: Data Handling Concerns, \emph{Computational Statistics and Data Analysis} \bold{51}, 2232--2245.
| ^
checkRd: (-1) TAQ-package.Rd:59: Lost braces
59 | Brownlees, C. T., and Gallo, G. M. (2006). Financial Econometric Analysis at Ultra{--}High Frequency: Data Handling Concerns, \emph{Computational Statistics and Data Analysis} \bold{51}, 2232--2245.
| ^
Flavors: r-devel-linux-x86_64-debian-clang, r-devel-linux-x86_64-debian-gcc, r-devel-linux-x86_64-fedora-clang, r-devel-linux-x86_64-fedora-gcc, r-devel-windows-x86_64, r-patched-linux-x86_64, r-release-macos-arm64, r-release-windows-x86_64