CRAN Package Check Results for Package TCIApathfinder

Last updated on 2021-10-26 20:51:10 CEST.

Flavor Version Tinstall Tcheck Ttotal Status Flags
r-devel-linux-x86_64-debian-clang 1.0.6 2.36 25.63 27.99 NOTE
r-devel-linux-x86_64-debian-gcc 1.0.6 1.92 20.20 22.12 NOTE
r-devel-linux-x86_64-fedora-clang 1.0.6 45.89 NOTE
r-devel-linux-x86_64-fedora-gcc 1.0.6 34.81 NOTE
r-devel-windows-x86_64 1.0.6 4.00 48.00 52.00 NOTE
r-devel-windows-x86_64-gcc10-UCRT 1.0.6 NOTE
r-patched-linux-x86_64 1.0.6 2.92 25.61 28.53 NOTE
r-patched-solaris-x86 1.0.6 56.50 NOTE
r-release-linux-x86_64 1.0.6 2.33 25.62 27.95 NOTE
r-release-macos-arm64 1.0.6 NOTE
r-release-macos-x86_64 1.0.6 NOTE
r-release-windows-ix86+x86_64 1.0.6 4.00 45.00 49.00 NOTE
r-oldrel-macos-x86_64 1.0.6 OK
r-oldrel-windows-ix86+x86_64 1.0.6 6.00 45.00 51.00 OK

Check Details

Version: 1.0.6
Check: LazyData
Result: NOTE
     'LazyData' is specified without a 'data' directory
Flavors: r-devel-linux-x86_64-debian-clang, r-devel-linux-x86_64-debian-gcc, r-devel-linux-x86_64-fedora-clang, r-devel-linux-x86_64-fedora-gcc, r-devel-windows-x86_64, r-devel-windows-x86_64-gcc10-UCRT, r-patched-linux-x86_64, r-patched-solaris-x86, r-release-linux-x86_64, r-release-macos-arm64, r-release-macos-x86_64, r-release-windows-ix86+x86_64