Last updated on 2024-04-24 00:56:01 CEST.
Flavor | Version | Tinstall | Tcheck | Ttotal | Status | Flags |
---|---|---|---|---|---|---|
r-devel-linux-x86_64-debian-clang | 0.1.2 | 73.06 | 198.57 | 271.63 | NOTE | |
r-devel-linux-x86_64-debian-gcc | 0.1.2 | 58.75 | 147.27 | 206.02 | NOTE | |
r-devel-linux-x86_64-fedora-clang | 0.1.2 | 357.68 | NOTE | |||
r-devel-linux-x86_64-fedora-gcc | 0.1.2 | 343.85 | NOTE | |||
r-prerel-macos-arm64 | 0.1.2 | 75.00 | NOTE | |||
r-prerel-macos-x86_64 | 0.1.2 | 98.00 | NOTE | |||
r-prerel-windows-x86_64 | 0.1.2 | 62.00 | 311.00 | 373.00 | NOTE | |
r-patched-linux-x86_64 | 0.1.2 | 54.61 | 185.98 | 240.59 | NOTE | |
r-release-linux-x86_64 | 0.1.2 | 64.74 | 187.47 | 252.21 | NOTE | |
r-release-macos-arm64 | 0.1.2 | 91.00 | NOTE | |||
r-release-macos-x86_64 | 0.1.2 | 158.00 | NOTE | |||
r-release-windows-x86_64 | 0.1.2 | 78.00 | 207.00 | 285.00 | NOTE | |
r-oldrel-macos-arm64 | 0.1.2 | 81.00 | OK | |||
r-oldrel-windows-x86_64 | 0.1.2 | 76.00 | 189.00 | 265.00 | OK |
Version: 0.1.2
Check: C++ specification
Result: NOTE
Specified C++11: please drop specification unless essential
Flavors: r-devel-linux-x86_64-debian-clang, r-devel-linux-x86_64-debian-gcc, r-devel-linux-x86_64-fedora-clang, r-devel-linux-x86_64-fedora-gcc, r-prerel-macos-arm64, r-prerel-macos-x86_64, r-prerel-windows-x86_64, r-patched-linux-x86_64, r-release-linux-x86_64, r-release-macos-arm64, r-release-macos-x86_64, r-release-windows-x86_64
Version: 0.1.2
Check: Rd cross-references
Result: NOTE
Undeclared package ‘Rtsne’ in Rd xrefs
Flavor: r-devel-linux-x86_64-fedora-clang