Last updated on 2023-09-28 16:54:33 CEST.
Flavor | Version | Tinstall | Tcheck | Ttotal | Status | Flags |
---|---|---|---|---|---|---|
r-devel-linux-x86_64-debian-clang | 0.1.2 | 78.99 | 201.61 | 280.60 | NOTE | |
r-devel-linux-x86_64-debian-gcc | 0.1.2 | 54.29 | 148.55 | 202.84 | NOTE | |
r-devel-linux-x86_64-fedora-clang | 0.1.2 | 353.64 | NOTE | |||
r-devel-linux-x86_64-fedora-gcc | 0.1.2 | 354.08 | NOTE | |||
r-devel-windows-x86_64 | 0.1.2 | 61.00 | 260.00 | 321.00 | NOTE | |
r-patched-linux-x86_64 | 0.1.2 | 75.12 | 190.47 | 265.59 | NOTE | |
r-release-linux-x86_64 | 0.1.2 | 53.07 | 187.69 | 240.76 | NOTE | |
r-release-macos-arm64 | 0.1.2 | 91.00 | NOTE | |||
r-release-macos-x86_64 | 0.1.2 | 158.00 | NOTE | |||
r-release-windows-x86_64 | 0.1.2 | 81.00 | 216.00 | 297.00 | NOTE | |
r-oldrel-macos-arm64 | 0.1.2 | 81.00 | OK | |||
r-oldrel-macos-x86_64 | 0.1.2 | 136.00 | OK | |||
r-oldrel-windows-x86_64 | 0.1.2 | 78.00 | 195.00 | 273.00 | OK |
Version: 0.1.2
Check: C++ specification
Result: NOTE
Specified C++11: please drop specification unless essential
Flavors: r-devel-linux-x86_64-debian-clang, r-devel-linux-x86_64-debian-gcc, r-devel-linux-x86_64-fedora-clang, r-devel-linux-x86_64-fedora-gcc, r-devel-windows-x86_64, r-patched-linux-x86_64, r-release-linux-x86_64, r-release-macos-arm64, r-release-macos-x86_64, r-release-windows-x86_64
Version: 0.1.2
Check: Rd cross-references
Result: NOTE
Undeclared package ‘Rtsne’ in Rd xrefs
Flavor: r-devel-linux-x86_64-fedora-clang