Last updated on 2023-11-28 16:48:36 CET.
Flavor | Version | Tinstall | Tcheck | Ttotal | Status | Flags |
---|---|---|---|---|---|---|
r-devel-linux-x86_64-debian-clang | 1.0.1 | 4.31 | 36.76 | 41.07 | NOTE | |
r-devel-linux-x86_64-debian-gcc | 1.0.1 | 3.70 | 27.58 | 31.28 | NOTE | |
r-devel-linux-x86_64-fedora-clang | 1.0.1 | 51.35 | NOTE | |||
r-devel-linux-x86_64-fedora-gcc | 1.0.1 | 63.02 | NOTE | |||
r-devel-windows-x86_64 | 1.0.1 | 5.00 | 50.00 | 55.00 | NOTE | |
r-patched-linux-x86_64 | 1.0.1 | 5.03 | 35.32 | 40.35 | NOTE | |
r-release-linux-x86_64 | 1.0.1 | 4.98 | 34.96 | 39.94 | NOTE | |
r-release-macos-arm64 | 1.0.1 | 27.00 | NOTE | |||
r-release-macos-x86_64 | 1.0.1 | 54.00 | NOTE | |||
r-release-windows-x86_64 | 1.0.1 | 7.00 | 52.00 | 59.00 | NOTE | |
r-oldrel-macos-arm64 | 1.0.1 | 21.00 | NOTE | |||
r-oldrel-macos-x86_64 | 1.0.1 | 26.00 | NOTE | |||
r-oldrel-windows-x86_64 | 1.0.1 | 6.00 | 55.00 | 61.00 | NOTE |
Version: 1.0.1
Check: LazyData
Result: NOTE
'LazyData' is specified without a 'data' directory
Flavors: r-devel-linux-x86_64-debian-clang, r-devel-linux-x86_64-debian-gcc, r-devel-linux-x86_64-fedora-clang, r-devel-linux-x86_64-fedora-gcc, r-devel-windows-x86_64, r-patched-linux-x86_64, r-release-linux-x86_64, r-release-macos-arm64, r-release-macos-x86_64, r-release-windows-x86_64, r-oldrel-macos-arm64, r-oldrel-macos-x86_64, r-oldrel-windows-x86_64
Version: 1.0.1
Check: dependencies in R code
Result: NOTE
Namespace in Imports field not imported from: ‘ggm’
All declared Imports should be used.
Flavors: r-devel-linux-x86_64-fedora-clang, r-devel-linux-x86_64-fedora-gcc, r-oldrel-macos-arm64, r-oldrel-macos-x86_64