Last updated on 2023-06-02 18:52:59 CEST.
Flavor | Version | Tinstall | Tcheck | Ttotal | Status | Flags |
---|---|---|---|---|---|---|
r-devel-linux-x86_64-debian-clang | 1.0 | 6.06 | 75.01 | 81.07 | OK | |
r-devel-linux-x86_64-debian-gcc | 1.0 | 4.96 | 56.93 | 61.89 | OK | |
r-devel-linux-x86_64-fedora-clang | 1.0 | 100.88 | NOTE | |||
r-devel-linux-x86_64-fedora-gcc | 1.0 | 117.38 | NOTE | |||
r-devel-windows-x86_64 | 1.0 | 7.00 | 100.00 | 107.00 | OK | |
r-patched-linux-x86_64 | 1.0 | OK | ||||
r-release-linux-x86_64 | 1.0 | 5.67 | 70.58 | 76.25 | OK | |
r-release-macos-arm64 | 1.0 | 44.00 | OK | |||
r-release-macos-x86_64 | 1.0 | 75.00 | OK | |||
r-release-windows-x86_64 | 1.0 | 9.00 | 104.00 | 113.00 | OK | |
r-oldrel-macos-arm64 | 1.0 | 34.00 | NOTE | |||
r-oldrel-macos-x86_64 | 1.0 | 69.00 | NOTE | |||
r-oldrel-windows-x86_64 | 1.0 | 9.00 | 106.00 | 115.00 | OK |
Version: 1.0
Check: dependencies in R code
Result: NOTE
Namespace in Imports field not imported from: ‘knitr’
All declared Imports should be used.
Flavors: r-devel-linux-x86_64-fedora-clang, r-devel-linux-x86_64-fedora-gcc, r-oldrel-macos-arm64, r-oldrel-macos-x86_64