Last updated on 2024-04-18 01:03:22 CEST.
Flavor | Version | Tinstall | Tcheck | Ttotal | Status | Flags |
---|---|---|---|---|---|---|
r-devel-linux-x86_64-debian-clang | 1.1 | 5.27 | 46.43 | 51.70 | NOTE | |
r-devel-linux-x86_64-debian-gcc | 1.1 | 4.47 | 34.58 | 39.05 | NOTE | |
r-devel-linux-x86_64-fedora-clang | 1.1 | 64.22 | NOTE | |||
r-devel-linux-x86_64-fedora-gcc | 1.1 | 61.91 | NOTE | |||
r-prerel-macos-arm64 | 1.1 | 21.00 | NOTE | |||
r-prerel-windows-x86_64 | 1.1 | 7.00 | 70.00 | 77.00 | NOTE | |
r-patched-linux-x86_64 | 1.1 | 6.93 | 43.87 | 50.80 | NOTE | |
r-release-linux-x86_64 | 1.1 | 5.04 | 44.96 | 50.00 | NOTE | |
r-release-macos-arm64 | 1.1 | 24.00 | NOTE | |||
r-release-macos-x86_64 | 1.1 | 33.00 | NOTE | |||
r-release-windows-x86_64 | 1.1 | 8.00 | 77.00 | 85.00 | NOTE | |
r-oldrel-macos-arm64 | 1.1 | 20.00 | NOTE | |||
r-oldrel-windows-x86_64 | 1.1 | 7.00 | 77.00 | 84.00 | NOTE |
Version: 1.1
Check: Rd files
Result: NOTE
checkRd: (-1) tv_episode_changes.Rd:29: Lost braces; missing escapes or markup?
29 | This method is used in conjunction with the /tv/{id}/changes method. This method uses the episode_id value found in the change entries.
| ^
checkRd: (-1) tv_season_changes.Rd:29: Lost braces; missing escapes or markup?
29 | This method is used in conjunction with the /tv/{id}/changes method. This method uses the season_id value found in the change entries.
| ^
Flavors: r-devel-linux-x86_64-debian-clang, r-devel-linux-x86_64-debian-gcc, r-devel-linux-x86_64-fedora-clang, r-devel-linux-x86_64-fedora-gcc, r-prerel-macos-arm64, r-prerel-windows-x86_64, r-patched-linux-x86_64
Version: 1.1
Check: LazyData
Result: NOTE
'LazyData' is specified without a 'data' directory
Flavors: r-devel-linux-x86_64-debian-clang, r-devel-linux-x86_64-debian-gcc, r-devel-linux-x86_64-fedora-clang, r-devel-linux-x86_64-fedora-gcc, r-prerel-macos-arm64, r-prerel-windows-x86_64, r-patched-linux-x86_64, r-release-linux-x86_64, r-release-macos-arm64, r-release-macos-x86_64, r-release-windows-x86_64, r-oldrel-macos-arm64, r-oldrel-windows-x86_64