Last updated on 2024-08-31 17:49:10 CEST.
Flavor | Version | Tinstall | Tcheck | Ttotal | Status | Flags |
---|---|---|---|---|---|---|
r-devel-linux-x86_64-debian-clang | 0.3.0 | 7.73 | 64.93 | 72.66 | OK | |
r-devel-linux-x86_64-debian-gcc | 0.3.0 | 5.76 | 48.34 | 54.10 | OK | |
r-devel-linux-x86_64-fedora-clang | 0.3.0 | 113.96 | NOTE | |||
r-devel-linux-x86_64-fedora-gcc | 0.3.0 | 110.27 | NOTE | |||
r-devel-windows-x86_64 | 0.3.0 | 8.00 | 147.00 | 155.00 | OK | |
r-patched-linux-x86_64 | 0.3.0 | 6.69 | 63.60 | 70.29 | OK | |
r-release-linux-x86_64 | 0.3.0 | 7.12 | 64.10 | 71.22 | OK | |
r-release-macos-arm64 | 0.3.0 | 37.00 | OK | |||
r-release-macos-x86_64 | 0.3.0 | 53.00 | OK | |||
r-release-windows-x86_64 | 0.3.0 | 9.00 | 294.00 | 303.00 | OK | |
r-oldrel-macos-arm64 | 0.3.0 | 40.00 | OK | |||
r-oldrel-macos-x86_64 | 0.3.0 | 67.00 | OK | |||
r-oldrel-windows-x86_64 | 0.3.0 | 11.00 | 95.00 | 106.00 | OK |
Version: 0.3.0
Check: dependencies in R code
Result: NOTE
Namespace in Imports field not imported from: ‘hdi’
All declared Imports should be used.
Flavors: r-devel-linux-x86_64-fedora-clang, r-devel-linux-x86_64-fedora-gcc