CRAN Package Check Results for Package TR8

Last updated on 2021-09-24 20:49:03 CEST.

Flavor Version Tinstall Tcheck Ttotal Status Flags
r-devel-linux-x86_64-debian-clang 0.9.22 11.78 110.35 122.13 OK
r-devel-linux-x86_64-debian-gcc 0.9.22 9.22 82.65 91.87 OK
r-devel-linux-x86_64-fedora-clang 0.9.22 152.07 NOTE
r-devel-linux-x86_64-fedora-gcc 0.9.22 136.83 NOTE
r-devel-windows-x86_64 0.9.22 14.00 100.00 114.00 OK
r-devel-windows-x86_64-gcc10-UCRT 0.9.22 NOTE
r-patched-linux-x86_64 0.9.22 11.35 104.78 116.13 OK
r-patched-solaris-x86 0.9.22 206.90 NOTE
r-release-linux-x86_64 0.9.22 10.74 104.09 114.83 OK
r-release-macos-arm64 0.9.22 NOTE
r-release-macos-x86_64 0.9.22 NOTE
r-release-windows-ix86+x86_64 0.9.22 29.00 128.00 157.00 OK
r-oldrel-macos-x86_64 0.9.22 NOTE
r-oldrel-windows-ix86+x86_64 0.9.22 21.00 100.00 121.00 OK

Check Details

Version: 0.9.22
Check: data for non-ASCII characters
Result: NOTE
     Note: found 153 marked Latin-1 strings
     Note: found 108 marked UTF-8 strings
Flavors: r-devel-linux-x86_64-fedora-clang, r-devel-linux-x86_64-fedora-gcc, r-devel-windows-x86_64-gcc10-UCRT, r-patched-solaris-x86, r-release-macos-arm64, r-release-macos-x86_64, r-oldrel-macos-x86_64