Last updated on 2024-04-20 08:51:17 CEST.
Flavor | Version | Tinstall | Tcheck | Ttotal | Status | Flags |
---|---|---|---|---|---|---|
r-devel-linux-x86_64-debian-clang | 1.0.0 | 13.01 | 753.27 | 766.28 | NOTE | |
r-devel-linux-x86_64-debian-gcc | 1.0.0 | 8.54 | 551.16 | 559.70 | OK | |
r-devel-linux-x86_64-fedora-clang | 1.0.0 | 912.38 | OK | |||
r-devel-linux-x86_64-fedora-gcc | 1.0.0 | 922.68 | OK | |||
r-prerel-macos-arm64 | 1.0.0 | 254.00 | OK | |||
r-prerel-macos-x86_64 | 1.0.0 | 801.00 | OK | |||
r-prerel-windows-x86_64 | 1.0.0 | 11.00 | 508.00 | 519.00 | OK | |
r-patched-linux-x86_64 | 1.0.0 | 11.62 | 734.22 | 745.84 | OK | |
r-release-linux-x86_64 | 1.0.0 | 9.52 | 708.40 | 717.92 | OK | |
r-release-macos-arm64 | 1.0.0 | 304.00 | OK | |||
r-release-macos-x86_64 | 1.0.0 | 656.00 | OK | |||
r-release-windows-x86_64 | 1.0.0 | 13.00 | 692.00 | 705.00 | OK | |
r-oldrel-macos-arm64 | 1.0.0 | 253.00 | OK | |||
r-oldrel-windows-x86_64 | 1.0.0 | 13.00 | 675.00 | 688.00 | OK |
Version: 1.0.0
Check: package dependencies
Result: NOTE
Package suggested but not available for checking: ‘WGCNA’
Flavor: r-devel-linux-x86_64-debian-clang