Last updated on 2024-07-18 08:51:22 CEST.
Flavor | Version | Tinstall | Tcheck | Ttotal | Status | Flags |
---|---|---|---|---|---|---|
r-devel-linux-x86_64-debian-clang | 0.1.1 | 8.21 | 74.48 | 82.69 | NOTE | |
r-devel-linux-x86_64-debian-gcc | 0.1.1 | 7.17 | 55.96 | 63.13 | NOTE | |
r-devel-linux-x86_64-fedora-clang | 0.1.1 | 106.92 | NOTE | |||
r-devel-linux-x86_64-fedora-gcc | 0.1.1 | 109.72 | NOTE | |||
r-devel-windows-x86_64 | 0.1.1 | 10.00 | 209.00 | 219.00 | NOTE | |
r-patched-linux-x86_64 | 0.1.1 | 9.06 | 71.53 | 80.59 | NOTE | |
r-release-linux-x86_64 | 0.1.1 | 9.55 | 73.17 | 82.72 | NOTE | |
r-release-macos-arm64 | 0.1.1 | 36.00 | NOTE | |||
r-release-macos-x86_64 | 0.1.1 | 59.00 | NOTE | |||
r-release-windows-x86_64 | 0.1.1 | 10.00 | 186.00 | 196.00 | NOTE | |
r-oldrel-macos-arm64 | 0.1.1 | 35.00 | NOTE | |||
r-oldrel-macos-x86_64 | 0.1.1 | 52.00 | NOTE | |||
r-oldrel-windows-x86_64 | 0.1.1 | 11.00 | 225.00 | 236.00 | NOTE |
Version: 0.1.1
Check: LazyData
Result: NOTE
'LazyData' is specified without a 'data' directory
Flavors: r-devel-linux-x86_64-debian-clang, r-devel-linux-x86_64-debian-gcc, r-devel-linux-x86_64-fedora-clang, r-devel-linux-x86_64-fedora-gcc, r-devel-windows-x86_64, r-patched-linux-x86_64, r-release-linux-x86_64, r-release-macos-arm64, r-release-macos-x86_64, r-release-windows-x86_64, r-oldrel-macos-arm64, r-oldrel-macos-x86_64, r-oldrel-windows-x86_64