Last updated on 2023-12-03 08:50:26 CET.
Flavor | Version | Tinstall | Tcheck | Ttotal | Status | Flags |
---|---|---|---|---|---|---|
r-devel-linux-x86_64-debian-clang | 2.0 | 72.60 | 57.59 | 130.19 | OK | |
r-devel-linux-x86_64-debian-gcc | 2.0 | 48.30 | 46.00 | 94.30 | OK | |
r-devel-linux-x86_64-fedora-clang | 2.0 | 175.32 | OK | |||
r-devel-linux-x86_64-fedora-gcc | 2.0 | 180.46 | OK | |||
r-devel-windows-x86_64 | 2.0 | 57.00 | 215.00 | 272.00 | OK | |
r-patched-linux-x86_64 | 2.0 | 60.80 | 59.71 | 120.51 | OK | |
r-release-linux-x86_64 | 2.0 | 59.02 | 56.95 | 115.97 | OK | |
r-release-macos-arm64 | 2.0 | 50.00 | NOTE | |||
r-release-macos-x86_64 | 2.0 | 78.00 | NOTE | |||
r-release-windows-x86_64 | 2.0 | 75.00 | 314.00 | 389.00 | OK | |
r-oldrel-macos-arm64 | 2.0 | 50.00 | NOTE | |||
r-oldrel-macos-x86_64 | 2.0 | 66.00 | NOTE | |||
r-oldrel-windows-x86_64 | 2.0 | 65.00 | 276.00 | 341.00 | OK |
Version: 2.0
Check: installed package size
Result: NOTE
installed size is 10.6Mb
sub-directories of 1Mb or more:
data 1.2Mb
libs 9.3Mb
Flavors: r-release-macos-arm64, r-release-macos-x86_64, r-oldrel-macos-arm64, r-oldrel-macos-x86_64