Last updated on 2024-03-28 23:55:23 CET.
Flavor | Version | Tinstall | Tcheck | Ttotal | Status | Flags |
---|---|---|---|---|---|---|
r-devel-linux-x86_64-debian-clang | 0.1 | 9.07 | 88.90 | 97.97 | NOTE | |
r-devel-linux-x86_64-debian-gcc | 0.1 | 6.92 | 67.20 | 74.12 | NOTE | |
r-devel-linux-x86_64-fedora-clang | 0.1 | 124.07 | NOTE | |||
r-devel-linux-x86_64-fedora-gcc | 0.1 | 115.47 | NOTE | |||
r-devel-windows-x86_64 | 0.1 | 8.00 | 80.00 | 88.00 | NOTE | |
r-patched-linux-x86_64 | 0.1 | 9.09 | 85.25 | 94.34 | NOTE | |
r-release-linux-x86_64 | 0.1 | 8.15 | 87.12 | 95.27 | NOTE | |
r-release-macos-arm64 | 0.1 | 40.00 | NOTE | |||
r-release-macos-x86_64 | 0.1 | 65.00 | NOTE | |||
r-release-windows-x86_64 | 0.1 | 10.00 | 98.00 | 108.00 | NOTE | |
r-oldrel-macos-arm64 | 0.1 | 33.00 | NOTE | |||
r-oldrel-windows-x86_64 | 0.1 | 9.00 | 102.00 | 111.00 | NOTE |
Version: 0.1
Check: LazyData
Result: NOTE
'LazyData' is specified without a 'data' directory
Flavors: r-devel-linux-x86_64-debian-clang, r-devel-linux-x86_64-debian-gcc, r-devel-linux-x86_64-fedora-clang, r-devel-linux-x86_64-fedora-gcc, r-devel-windows-x86_64, r-patched-linux-x86_64, r-release-linux-x86_64, r-release-macos-arm64, r-release-macos-x86_64, r-release-windows-x86_64, r-oldrel-macos-arm64, r-oldrel-windows-x86_64