CRAN Package Check Results for Package TSPred

Last updated on 2021-10-28 08:50:13 CEST.

Flavor Version Tinstall Tcheck Ttotal Status Flags
r-devel-linux-x86_64-debian-clang 5.1 8.04 81.65 89.69 OK
r-devel-linux-x86_64-debian-gcc 5.1 7.83 59.32 67.15 OK
r-devel-linux-x86_64-fedora-clang 5.1 120.40 NOTE
r-devel-linux-x86_64-fedora-gcc 5.1 106.41 NOTE
r-devel-windows-x86_64 5.1 14.00 120.00 134.00 OK
r-devel-windows-x86_64-gcc10-UCRT 5.1 NOTE
r-patched-linux-x86_64 5.1 15.45 79.73 95.18 OK
r-patched-solaris-x86 5.1 138.50 NOTE
r-release-linux-x86_64 5.1 7.31 77.92 85.23 OK
r-release-macos-arm64 5.1 NOTE
r-release-macos-x86_64 5.1 NOTE
r-release-windows-ix86+x86_64 5.1 11.00 109.00 120.00 OK
r-oldrel-macos-x86_64 5.1 NOTE
r-oldrel-windows-ix86+x86_64 5.1 10.00 110.00 120.00 OK

Check Details

Version: 5.1
Check: dependencies in R code
Result: NOTE
    Namespaces in Imports field not imported from:
     ‘EMD’ ‘vars’
     All declared Imports should be used.
Flavors: r-devel-linux-x86_64-fedora-clang, r-devel-linux-x86_64-fedora-gcc, r-devel-windows-x86_64-gcc10-UCRT, r-patched-solaris-x86, r-release-macos-arm64, r-release-macos-x86_64, r-oldrel-macos-x86_64