Last updated on 2023-12-03 08:50:26 CET.
Flavor | Version | Tinstall | Tcheck | Ttotal | Status | Flags |
---|---|---|---|---|---|---|
r-devel-linux-x86_64-debian-clang | 1.3.1 | 13.20 | 118.73 | 131.93 | NOTE | |
r-devel-linux-x86_64-debian-gcc | 1.3.1 | 9.85 | 88.63 | 98.48 | NOTE | |
r-devel-linux-x86_64-fedora-clang | 1.3.1 | 161.80 | NOTE | |||
r-devel-linux-x86_64-fedora-gcc | 1.3.1 | 156.66 | OK | |||
r-devel-windows-x86_64 | 1.3.1 | 11.00 | 151.00 | 162.00 | OK | |
r-patched-linux-x86_64 | 1.3.1 | 14.40 | 114.37 | 128.77 | OK | |
r-release-linux-x86_64 | 1.3.1 | 8.08 | 112.97 | 121.05 | OK | |
r-release-macos-arm64 | 1.3.1 | 48.00 | OK | |||
r-release-macos-x86_64 | 1.3.1 | 82.00 | NOTE | |||
r-release-windows-x86_64 | 1.3.1 | 16.00 | 374.00 | 390.00 | OK | |
r-oldrel-macos-arm64 | 1.3.1 | 81.00 | OK | |||
r-oldrel-macos-x86_64 | 1.3.1 | 145.00 | OK | |||
r-oldrel-windows-x86_64 | 1.3.1 | 15.00 | 123.00 | 138.00 | OK |
Version: 1.3.1
Check: Rd files
Result: NOTE
checkRd: (-1) diss.AR.LPC.CEPS.Rd:39: Lost braces; missing escapes or markup?
39 | If \code{order.x} or {order.y} are \code{NULL}, their respective series will be fitted automatically using a AR model.
| ^
checkRd: (-1) diss.AR.PIC.Rd:31: Lost braces; missing escapes or markup?
31 | If \code{order.x} or {order.y} are \code{NULL}, their respective series will be fitted automatically using a AR model. If \code{permissive} is \code{TRUE} and no AR order is found automatically, an AR order of 1 will be imposed, if this case fails, then no order can be found and the function produces an error.
| ^
Flavors: r-devel-linux-x86_64-debian-clang, r-devel-linux-x86_64-debian-gcc
Version: 1.3.1
Check: Rd cross-references
Result: NOTE
Undeclared packages ‘fpc’, ‘clValid’, ‘clv’ in Rd xrefs
Flavor: r-devel-linux-x86_64-fedora-clang
Version: 1.3.1
Check: Rd cross-references
Result: NOTE
Package unavailable to check Rd xrefs: ‘fpc’
Flavor: r-release-macos-x86_64