CRAN Package Check Results for Package TSdeeplearning

Last updated on 2024-02-25 16:52:02 CET.

Flavor Version Tinstall Tcheck Ttotal Status Flags
r-devel-linux-x86_64-debian-clang 0.1.0 15.15 123.73 138.88 OK
r-devel-linux-x86_64-debian-gcc 0.1.0 10.08 93.15 103.23 OK
r-devel-linux-x86_64-fedora-clang 0.1.0 171.29 NOTE
r-devel-linux-x86_64-fedora-gcc 0.1.0 159.68 NOTE
r-devel-windows-x86_64 0.1.0 14.00 101.00 115.00 OK
r-patched-linux-x86_64 0.1.0 16.45 120.55 137.00 OK
r-release-linux-x86_64 0.1.0 12.49 120.73 133.22 OK
r-release-macos-arm64 0.1.0 54.00 OK
r-release-macos-x86_64 0.1.0 64.00 OK
r-release-windows-x86_64 0.1.0 18.00 120.00 138.00 OK
r-oldrel-macos-arm64 0.1.0 49.00 NOTE
r-oldrel-windows-x86_64 0.1.0 20.00 289.00 309.00 OK

Additional issues

donttest

Check Details

Version: 0.1.0
Check: dependencies in R code
Result: NOTE Namespaces in Imports field not imported from: ‘reticulate’ ‘tensorflow’ All declared Imports should be used. Flavors: r-devel-linux-x86_64-fedora-clang, r-devel-linux-x86_64-fedora-gcc, r-oldrel-macos-arm64