Last updated on 2024-08-31 17:49:10 CEST.
Flavor | Version | Tinstall | Tcheck | Ttotal | Status | Flags |
---|---|---|---|---|---|---|
r-devel-linux-x86_64-debian-clang | 1.5.10 | 25.74 | 134.80 | 160.54 | NOTE | |
r-devel-linux-x86_64-debian-gcc | 1.5.10 | 19.49 | 97.22 | 116.71 | NOTE | |
r-devel-linux-x86_64-fedora-clang | 1.5.10 | 272.39 | OK | |||
r-devel-linux-x86_64-fedora-gcc | 1.5.10 | 272.58 | OK | |||
r-devel-windows-x86_64 | 1.5.10 | 20.00 | 115.00 | 135.00 | NOTE | |
r-patched-linux-x86_64 | 1.5.10 | 30.95 | 128.10 | 159.05 | OK | |
r-release-linux-x86_64 | 1.5.10 | 23.42 | 127.65 | 151.07 | OK | |
r-release-macos-arm64 | 1.5.10 | 122.00 | OK | |||
r-release-macos-x86_64 | 1.5.10 | 134.00 | OK | |||
r-release-windows-x86_64 | 1.5.10 | 27.00 | 133.00 | 160.00 | OK | |
r-oldrel-macos-arm64 | 1.5.10 | 77.00 | OK | |||
r-oldrel-macos-x86_64 | 1.5.10 | 226.00 | OK | |||
r-oldrel-windows-x86_64 | 1.5.10 | 27.00 | 452.00 | 479.00 | OK |
Version: 1.5.10
Check: Rd cross-references
Result: NOTE
Found the following Rd file(s) with Rd \link{} targets missing package
anchors:
FULLoption.Rd: impute, local.trend, mannKen, seasonTrend, seaKen
Please provide package anchors for all Rd \link{} targets not in the
package itself and the base packages.
Flavors: r-devel-linux-x86_64-debian-clang, r-devel-linux-x86_64-debian-gcc, r-devel-windows-x86_64