Last updated on 2023-10-03 01:05:07 CEST.
Flavor | Version | Tinstall | Tcheck | Ttotal | Status | Flags |
---|---|---|---|---|---|---|
r-devel-linux-x86_64-debian-clang | 3.2.1 | 16.72 | 130.31 | 147.03 | NOTE | |
r-devel-linux-x86_64-debian-gcc | 3.2.1 | 13.30 | 96.02 | 109.32 | NOTE | |
r-devel-linux-x86_64-fedora-clang | 3.2.1 | 183.62 | NOTE | |||
r-devel-linux-x86_64-fedora-gcc | 3.2.1 | 178.89 | NOTE | |||
r-devel-windows-x86_64 | 3.2.1 | 14.00 | 103.00 | 117.00 | NOTE | |
r-patched-linux-x86_64 | 3.2.1 | 14.85 | 123.45 | 138.30 | NOTE | |
r-release-linux-x86_64 | 3.2.1 | 12.45 | 123.23 | 135.68 | NOTE | |
r-release-macos-arm64 | 3.2.1 | 54.00 | NOTE | |||
r-release-macos-x86_64 | 3.2.1 | 94.00 | NOTE | |||
r-release-windows-x86_64 | 3.2.1 | 19.00 | 117.00 | 136.00 | NOTE | |
r-oldrel-macos-arm64 | 3.2.1 | 93.00 | NOTE | |||
r-oldrel-macos-x86_64 | 3.2.1 | 173.00 | NOTE | |||
r-oldrel-windows-x86_64 | 3.2.1 | 21.00 | 121.00 | 142.00 | NOTE |
Version: 3.2.1
Check: LazyData
Result: NOTE
'LazyData' is specified without a 'data' directory
Flavors: r-devel-linux-x86_64-debian-clang, r-devel-linux-x86_64-debian-gcc, r-devel-linux-x86_64-fedora-clang, r-devel-linux-x86_64-fedora-gcc, r-devel-windows-x86_64, r-patched-linux-x86_64, r-release-linux-x86_64, r-release-macos-arm64, r-release-macos-x86_64, r-release-windows-x86_64, r-oldrel-macos-arm64, r-oldrel-macos-x86_64, r-oldrel-windows-x86_64