CRAN Package Check Results for Package Tendril

Last updated on 2022-08-15 16:54:42 CEST.

Flavor Version Tinstall Tcheck Ttotal Status Flags
r-devel-linux-x86_64-debian-clang 2.0.4 4.87 194.87 199.74 OK
r-devel-linux-x86_64-debian-gcc 2.0.4 3.50 143.88 147.38 OK
r-devel-linux-x86_64-fedora-clang 2.0.4 244.11 NOTE
r-devel-linux-x86_64-fedora-gcc 2.0.4 233.27 NOTE
r-devel-windows-x86_64 2.0.4 17.00 228.00 245.00 OK
r-patched-linux-x86_64 2.0.4 3.21 182.59 185.80 OK
r-release-linux-x86_64 2.0.4 3.02 178.79 181.81 OK
r-release-macos-arm64 2.0.4 65.00 NOTE
r-release-macos-x86_64 2.0.4 125.00 NOTE
r-release-windows-x86_64 2.0.4 20.00 359.00 379.00 OK
r-oldrel-macos-arm64 2.0.4 87.00 NOTE
r-oldrel-macos-x86_64 2.0.4 117.00 NOTE
r-oldrel-windows-ix86+x86_64 2.0.4 10.00 397.00 407.00 OK

Check Details

Version: 2.0.4
Check: dependencies in R code
Result: NOTE
    Namespace in Imports field not imported from: ‘graphics’
     All declared Imports should be used.
Flavors: r-devel-linux-x86_64-fedora-clang, r-devel-linux-x86_64-fedora-gcc, r-release-macos-arm64, r-release-macos-x86_64, r-oldrel-macos-arm64, r-oldrel-macos-x86_64