Last updated on 2024-04-20 00:56:26 CEST.
Flavor | Version | Tinstall | Tcheck | Ttotal | Status | Flags |
---|---|---|---|---|---|---|
r-devel-linux-x86_64-debian-clang | 2.0.4 | 3.83 | 184.60 | 188.43 | NOTE | |
r-devel-linux-x86_64-debian-gcc | 2.0.4 | NOTE | ||||
r-devel-linux-x86_64-fedora-clang | 2.0.4 | 225.98 | NOTE | |||
r-devel-linux-x86_64-fedora-gcc | 2.0.4 | 228.76 | NOTE | |||
r-prerel-macos-arm64 | 2.0.4 | 72.00 | NOTE | |||
r-prerel-windows-x86_64 | 2.0.4 | 5.00 | 153.00 | 158.00 | NOTE | |
r-patched-linux-x86_64 | 2.0.4 | 4.35 | 173.52 | 177.87 | NOTE | |
r-release-linux-x86_64 | 2.0.4 | 2.88 | 171.36 | 174.24 | OK | |
r-release-macos-arm64 | 2.0.4 | 85.00 | OK | |||
r-release-macos-x86_64 | 2.0.4 | 149.00 | OK | |||
r-release-windows-x86_64 | 2.0.4 | 6.00 | 192.00 | 198.00 | OK | |
r-oldrel-macos-arm64 | 2.0.4 | 65.00 | NOTE | |||
r-oldrel-windows-x86_64 | 2.0.4 | 7.00 | 333.00 | 340.00 | OK |
Version: 2.0.4
Check: Rd files
Result: NOTE
checkRd: (-1) Tendril.Rd:53: Lost braces in \itemize; \value handles \item{}{} directly
checkRd: (-1) Tendril.Rd:54: Lost braces in \itemize; \value handles \item{}{} directly
checkRd: (-1) Tendril.Rd:55: Lost braces in \itemize; \value handles \item{}{} directly
checkRd: (-1) Tendril.Rd:56: Lost braces in \itemize; \value handles \item{}{} directly
checkRd: (-1) Tendril.Rd:57: Lost braces in \itemize; \value handles \item{}{} directly
checkRd: (-1) Tendril.Rd:58: Lost braces in \itemize; \value handles \item{}{} directly
checkRd: (-1) Tendril.Rd:59: Lost braces in \itemize; \value handles \item{}{} directly
checkRd: (-1) Tendril.Rd:60: Lost braces in \itemize; \value handles \item{}{} directly
checkRd: (-1) Tendril.Rd:61: Lost braces in \itemize; \value handles \item{}{} directly
checkRd: (-1) Tendril.Rd:62: Lost braces in \itemize; \value handles \item{}{} directly
checkRd: (-1) Tendril.Rd:63: Lost braces in \itemize; \value handles \item{}{} directly
checkRd: (-1) Tendril.Rd:64: Lost braces in \itemize; \value handles \item{}{} directly
checkRd: (-1) Tendril.Rd:65: Lost braces in \itemize; \value handles \item{}{} directly
checkRd: (-1) Tendril.Rd:66: Lost braces in \itemize; \value handles \item{}{} directly
checkRd: (-1) Tendril.Rd:67: Lost braces in \itemize; \value handles \item{}{} directly
Flavors: r-devel-linux-x86_64-debian-clang, r-devel-linux-x86_64-debian-gcc, r-devel-linux-x86_64-fedora-clang, r-devel-linux-x86_64-fedora-gcc, r-prerel-macos-arm64, r-prerel-windows-x86_64, r-patched-linux-x86_64
Version: 2.0.4
Check: dependencies in R code
Result: NOTE
Namespace in Imports field not imported from: ‘graphics’
All declared Imports should be used.
Flavors: r-devel-linux-x86_64-fedora-clang, r-devel-linux-x86_64-fedora-gcc, r-oldrel-macos-arm64