Last updated on 2023-12-04 00:52:59 CET.
Flavor | Version | Tinstall | Tcheck | Ttotal | Status | Flags |
---|---|---|---|---|---|---|
r-devel-linux-x86_64-debian-clang | 1.5.1 | 176.58 | 422.31 | 598.89 | NOTE | |
r-devel-linux-x86_64-debian-gcc | 1.5.1 | 116.89 | 312.30 | 429.19 | NOTE | |
r-devel-linux-x86_64-fedora-clang | 1.5.1 | 862.78 | NOTE | |||
r-devel-linux-x86_64-fedora-gcc | 1.5.1 | 780.58 | NOTE | |||
r-devel-windows-x86_64 | 1.5.1 | 130.00 | 343.00 | 473.00 | NOTE | |
r-patched-linux-x86_64 | 1.5.1 | 137.74 | 415.01 | 552.75 | NOTE | |
r-release-linux-x86_64 | 1.5.1 | 131.59 | 413.72 | 545.31 | NOTE | |
r-release-macos-arm64 | 1.5.1 | 192.00 | NOTE | |||
r-release-macos-x86_64 | 1.5.1 | 340.00 | NOTE | |||
r-release-windows-x86_64 | 1.5.1 | 164.00 | 451.00 | 615.00 | NOTE | |
r-oldrel-macos-arm64 | 1.5.1 | 184.00 | NOTE | |||
r-oldrel-macos-x86_64 | 1.5.1 | 247.00 | NOTE | |||
r-oldrel-windows-x86_64 | 1.5.1 | 166.00 | 426.00 | 592.00 | NOTE |
Version: 1.5.1
Check: package dependencies
Result: NOTE
Package suggested but not available for checking: ‘gurobi’
Flavors: r-devel-linux-x86_64-debian-clang, r-devel-linux-x86_64-debian-gcc, r-devel-linux-x86_64-fedora-clang, r-devel-linux-x86_64-fedora-gcc, r-devel-windows-x86_64, r-patched-linux-x86_64, r-release-linux-x86_64, r-release-macos-arm64, r-release-macos-x86_64, r-release-windows-x86_64, r-oldrel-macos-arm64, r-oldrel-macos-x86_64, r-oldrel-windows-x86_64
Version: 1.5.1
Check: Rd files
Result: NOTE
checkRd: (-1) getSolution-methods.Rd:23: Lost braces; missing escapes or markup?
23 | \item{index_only}{if \code{TRUE}, only print item indices. if \code{FALSE}, print all item attributes. (default = {TRUE})}
| ^
Flavors: r-devel-linux-x86_64-debian-clang, r-devel-linux-x86_64-debian-gcc
Version: 1.5.1
Check: installed package size
Result: NOTE
installed size is 9.0Mb
sub-directories of 1Mb or more:
libs 6.5Mb
Flavors: r-release-macos-arm64, r-release-macos-x86_64, r-oldrel-macos-arm64, r-oldrel-macos-x86_64