Last updated on 2024-04-23 16:58:32 CEST.
Flavor | Version | Tinstall | Tcheck | Ttotal | Status | Flags |
---|---|---|---|---|---|---|
r-devel-linux-x86_64-debian-clang | 1.1 | 4.95 | 50.39 | 55.34 | NOTE | |
r-devel-linux-x86_64-debian-gcc | 1.1 | 4.84 | 39.47 | 44.31 | NOTE | |
r-devel-linux-x86_64-fedora-clang | 1.1 | 71.62 | NOTE | |||
r-devel-linux-x86_64-fedora-gcc | 1.1 | 66.29 | NOTE | |||
r-prerel-macos-arm64 | 1.1 | 23.00 | NOTE | |||
r-prerel-windows-x86_64 | 1.1 | 7.00 | 57.00 | 64.00 | NOTE | |
r-patched-linux-x86_64 | 1.1 | 5.81 | 49.71 | 55.52 | NOTE | |
r-release-linux-x86_64 | 1.1 | 5.12 | 50.05 | 55.17 | NOTE | |
r-release-macos-arm64 | 1.1 | 24.00 | NOTE | |||
r-release-macos-x86_64 | 1.1 | 36.00 | NOTE | |||
r-release-windows-x86_64 | 1.1 | 7.00 | 64.00 | 71.00 | NOTE | |
r-oldrel-macos-arm64 | 1.1 | 16.00 | NOTE | |||
r-oldrel-windows-x86_64 | 1.1 | 8.00 | 68.00 | 76.00 | NOTE |
Version: 1.1
Check: LazyData
Result: NOTE
'LazyData' is specified without a 'data' directory
Flavors: r-devel-linux-x86_64-debian-clang, r-devel-linux-x86_64-debian-gcc, r-devel-linux-x86_64-fedora-clang, r-devel-linux-x86_64-fedora-gcc, r-prerel-macos-arm64, r-prerel-windows-x86_64, r-patched-linux-x86_64, r-release-linux-x86_64, r-release-macos-arm64, r-release-macos-x86_64, r-release-windows-x86_64, r-oldrel-macos-arm64, r-oldrel-windows-x86_64