Last updated on 2023-06-10 16:53:49 CEST.
Flavor | Version | Tinstall | Tcheck | Ttotal | Status | Flags |
---|---|---|---|---|---|---|
r-devel-linux-x86_64-debian-clang | 1.2.3 | 28.90 | 66.92 | 95.82 | NOTE | |
r-devel-linux-x86_64-debian-gcc | 1.2.3 | 25.02 | 51.11 | 76.13 | NOTE | |
r-devel-linux-x86_64-fedora-clang | 1.2.3 | 121.58 | NOTE | |||
r-devel-linux-x86_64-fedora-gcc | 1.2.3 | 135.79 | NOTE | |||
r-devel-windows-x86_64 | 1.2.3 | 27.00 | 133.00 | 160.00 | NOTE | |
r-patched-linux-x86_64 | 1.2.3 | 28.24 | 63.93 | 92.17 | NOTE | |
r-release-linux-x86_64 | 1.2.3 | 26.44 | 63.45 | 89.89 | NOTE | |
r-release-macos-arm64 | 1.2.3 | 54.00 | NOTE | |||
r-release-macos-x86_64 | 1.2.3 | 65.00 | NOTE | |||
r-release-windows-x86_64 | 1.2.3 | 31.00 | 189.00 | 220.00 | NOTE | |
r-oldrel-macos-arm64 | 1.2.3 | 44.00 | OK | |||
r-oldrel-macos-x86_64 | 1.2.3 | 51.00 | OK | |||
r-oldrel-windows-x86_64 | 1.2.3 | 30.00 | 194.00 | 224.00 | OK |
Version: 1.2.3
Check: C++ specification
Result: NOTE
Specified C++11: please drop specification unless essential
Flavors: r-devel-linux-x86_64-debian-clang, r-devel-linux-x86_64-debian-gcc, r-devel-linux-x86_64-fedora-clang, r-devel-linux-x86_64-fedora-gcc, r-devel-windows-x86_64, r-patched-linux-x86_64, r-release-linux-x86_64, r-release-macos-arm64, r-release-macos-x86_64, r-release-windows-x86_64