CRAN Package Check Results for Package ThankYouStars

Last updated on 2021-10-17 00:48:53 CEST.

Flavor Version Tinstall Tcheck Ttotal Status Flags
r-devel-linux-x86_64-debian-clang 0.2.0 2.11 23.80 25.91 NOTE
r-devel-linux-x86_64-debian-gcc 0.2.0 1.66 18.76 20.42 NOTE
r-devel-linux-x86_64-fedora-clang 0.2.0 40.60 NOTE
r-devel-linux-x86_64-fedora-gcc 0.2.0 41.85 NOTE
r-devel-windows-x86_64 0.2.0 4.00 32.00 36.00 NOTE
r-devel-windows-x86_64-gcc10-UCRT 0.2.0 NOTE
r-patched-linux-x86_64 0.2.0 2.05 22.94 24.99 NOTE
r-patched-solaris-x86 0.2.0 48.70 NOTE
r-release-linux-x86_64 0.2.0 1.87 22.84 24.71 NOTE
r-release-macos-arm64 0.2.0 NOTE
r-release-macos-x86_64 0.2.0 NOTE
r-release-windows-ix86+x86_64 0.2.0 5.00 41.00 46.00 NOTE
r-oldrel-macos-x86_64 0.2.0 OK
r-oldrel-windows-ix86+x86_64 0.2.0 6.00 45.00 51.00 OK

Check Details

Version: 0.2.0
Check: LazyData
Result: NOTE
     'LazyData' is specified without a 'data' directory
Flavors: r-devel-linux-x86_64-debian-clang, r-devel-linux-x86_64-debian-gcc, r-devel-linux-x86_64-fedora-clang, r-devel-linux-x86_64-fedora-gcc, r-devel-windows-x86_64, r-devel-windows-x86_64-gcc10-UCRT, r-patched-linux-x86_64, r-patched-solaris-x86, r-release-linux-x86_64, r-release-macos-arm64, r-release-macos-x86_64, r-release-windows-ix86+x86_64