CRAN Package Check Results for Package ThreeWay

Last updated on 2022-08-17 12:55:29 CEST.

Flavor Version Tinstall Tcheck Ttotal Status Flags
r-devel-linux-x86_64-debian-clang 1.1.3 12.40 89.80 102.20 NOTE
r-devel-linux-x86_64-debian-gcc 1.1.3 NOTE
r-devel-linux-x86_64-fedora-clang 1.1.3 142.74 NOTE
r-devel-linux-x86_64-fedora-gcc 1.1.3 130.06 NOTE
r-devel-windows-x86_64 1.1.3 54.00 106.00 160.00 NOTE
r-patched-linux-x86_64 1.1.3 18.01 83.87 101.88 OK
r-release-linux-x86_64 1.1.3 16.41 83.98 100.39 OK
r-release-macos-arm64 1.1.3 31.00 OK
r-release-macos-x86_64 1.1.3 47.00 OK
r-release-windows-x86_64 1.1.3 24.00 104.00 128.00 OK
r-oldrel-macos-arm64 1.1.3 39.00 OK
r-oldrel-macos-x86_64 1.1.3 71.00 OK
r-oldrel-windows-ix86+x86_64 1.1.3 25.00 94.00 119.00 OK

Check Details

Version: 1.1.3
Check: Rd files
Result: NOTE
    checkRd: (-1) CPdimensionalityplot.Rd:18: Escaped LaTeX specials: \&
    checkRd: (-1) CPdimensionalityplot.Rd:19: Escaped LaTeX specials: \&
    checkRd: (-1) Kinship.Rd:15: Escaped LaTeX specials: \&
    checkRd: (-1) Kinship.Rd:23: Escaped LaTeX specials: \&
    checkRd: (-1) T2func.Rd:44: Escaped LaTeX specials: \&
    checkRd: (-1) T2funcrep.Rd:44: Escaped LaTeX specials: \&
    checkRd: (-1) T3dimensionalityplot.Rd:18: Escaped LaTeX specials: \&
    checkRd: (-1) T3func.Rd:43: Escaped LaTeX specials: \&
    checkRd: (-1) T3func.Rd:44: Escaped LaTeX specials: \&
    checkRd: (-1) T3funcrep.Rd:43: Escaped LaTeX specials: \&
    checkRd: (-1) T3funcrep.Rd:44: Escaped LaTeX specials: \&
    checkRd: (-1) TV.Rd:26: Escaped LaTeX specials: \& \& \&
    checkRd: (-1) TV.Rd:30: Escaped LaTeX specials: \&
    checkRd: (-1) TV.Rd:31: Escaped LaTeX specials: \&
    checkRd: (-1) TV.Rd:32: Escaped LaTeX specials: \&
    checkRd: (-1) TV.Rd:33: Escaped LaTeX specials: \&
    checkRd: (-1) pcamean.Rd:33: Escaped LaTeX specials: \&
    checkRd: (-1) threewayanova.Rd:24: Escaped LaTeX specials: \&
Flavors: r-devel-linux-x86_64-debian-clang, r-devel-linux-x86_64-debian-gcc, r-devel-linux-x86_64-fedora-clang, r-devel-linux-x86_64-fedora-gcc, r-devel-windows-x86_64