CRAN Package Check Results for Package TidyMultiqc

Last updated on 2021-10-23 05:02:52 CEST.

Flavor Version Tinstall Tcheck Ttotal Status Flags
r-devel-linux-x86_64-debian-clang 0.1.0 2.18 39.44 41.62 OK
r-devel-linux-x86_64-debian-gcc 0.1.0 2.01 29.76 31.77 OK
r-devel-linux-x86_64-fedora-clang 0.1.0 61.54 NOTE
r-devel-linux-x86_64-fedora-gcc 0.1.0 50.25 NOTE
r-devel-windows-x86_64 0.1.0 5.00 277.00 282.00 OK
r-devel-windows-x86_64-gcc10-UCRT 0.1.0 NOTE
r-patched-linux-x86_64 0.1.0 2.29 37.04 39.33 OK
r-patched-solaris-x86 0.1.0 73.60 NOTE
r-release-linux-x86_64 0.1.0 2.22 37.00 39.22 OK
r-release-macos-arm64 0.1.0 NOTE
r-release-macos-x86_64 0.1.0 NOTE
r-release-windows-ix86+x86_64 0.1.0 4.00 66.00 70.00 OK
r-oldrel-macos-x86_64 0.1.0 NOTE
r-oldrel-windows-ix86+x86_64 0.1.0 7.00 72.00 79.00 OK

Check Details

Version: 0.1.0
Check: dependencies in R code
Result: NOTE
    Namespace in Imports field not imported from: ‘tibble’
     All declared Imports should be used.
Flavors: r-devel-linux-x86_64-fedora-clang, r-devel-linux-x86_64-fedora-gcc, r-devel-windows-x86_64-gcc10-UCRT, r-patched-solaris-x86, r-release-macos-arm64, r-release-macos-x86_64, r-oldrel-macos-x86_64