Last updated on 2023-05-28 23:14:13 CEST.
Flavor | Version | Tinstall | Tcheck | Ttotal | Status | Flags |
---|---|---|---|---|---|---|
r-devel-linux-x86_64-debian-clang | 1.0.6 | 6.33 | 63.59 | 69.92 | OK | |
r-devel-linux-x86_64-debian-gcc | 1.0.6 | 4.71 | 48.45 | 53.16 | OK | |
r-devel-linux-x86_64-fedora-clang | 1.0.6 | 86.41 | OK | |||
r-devel-linux-x86_64-fedora-gcc | 1.0.6 | 105.53 | OK | |||
r-devel-windows-x86_64 | 1.0.6 | 8.00 | 88.00 | 96.00 | OK | |
r-patched-linux-x86_64 | 1.0.6 | 6.24 | 60.18 | 66.42 | OK | |
r-release-linux-x86_64 | 1.0.6 | 4.33 | 59.37 | 63.70 | OK | |
r-release-macos-arm64 | 1.0.6 | 39.00 | OK | |||
r-release-macos-x86_64 | 1.0.6 | 60.00 | NOTE | |||
r-release-windows-x86_64 | 1.0.6 | 9.00 | 200.00 | 209.00 | OK | |
r-oldrel-macos-arm64 | 1.0.6 | 32.00 | OK | |||
r-oldrel-macos-x86_64 | 1.0.6 | 62.00 | OK | |||
r-oldrel-windows-x86_64 | 1.0.6 | 9.00 | 93.00 | 102.00 | OK |
Version: 1.0.6
Check: re-building of vignette outputs
Result: NOTE
Error(s) in re-building vignettes:
--- re-building ‘ToolsForCoDa.Rnw’ using Sweave
Loading required package: mice
Attaching package: 'mice'
The following object is masked from 'package:stats':
filter
The following objects are masked from 'package:base':
cbind, rbind
Loading required package: Rsolnp
Loading required package: nnet
Loading required package: MASS
Loading required package: calibrate
Error: processing vignette 'ToolsForCoDa.Rnw' failed with diagnostics:
Running 'texi2dvi' on 'ToolsForCoDa.tex' failed.
LaTeX errors:
! LaTeX Error: File `wasysym.sty' not found.
Type X to quit or <RETURN> to proceed,
or enter new name. (Default extension: sty)
! Emergency stop.
<read *>
l.10 ^^M
! ==> Fatal error occurred, no output PDF file produced!
--- failed re-building 'ToolsForCoDa.Rnw'
SUMMARY: processing the following file failed:
'ToolsForCoDa.Rnw'
Error: Vignette re-building failed.
Execution halted
Flavor: r-release-macos-x86_64