Last updated on 2024-04-18 16:50:12 CEST.
Flavor | Version | Tinstall | Tcheck | Ttotal | Status | Flags |
---|---|---|---|---|---|---|
r-devel-linux-x86_64-debian-clang | 1.0.6 | 15.38 | 116.96 | 132.34 | OK | |
r-devel-linux-x86_64-debian-gcc | 1.0.6 | 11.51 | 89.69 | 101.20 | OK | |
r-devel-linux-x86_64-fedora-clang | 1.0.6 | 161.85 | OK | |||
r-devel-linux-x86_64-fedora-gcc | 1.0.6 | 167.05 | OK | |||
r-prerel-macos-arm64 | 1.0.6 | 56.00 | OK | |||
r-prerel-windows-x86_64 | 1.0.6 | 13.00 | 118.00 | 131.00 | OK | |
r-patched-linux-x86_64 | 1.0.6 | 11.31 | 106.15 | 117.46 | OK | |
r-release-linux-x86_64 | 1.0.6 | 11.25 | 116.94 | 128.19 | OK | |
r-release-macos-arm64 | 1.0.6 | 39.00 | OK | |||
r-release-macos-x86_64 | 1.0.6 | 60.00 | NOTE | |||
r-release-windows-x86_64 | 1.0.6 | 17.00 | 134.00 | 151.00 | OK | |
r-oldrel-macos-arm64 | 1.0.6 | 32.00 | OK | |||
r-oldrel-windows-x86_64 | 1.0.6 | 17.00 | 136.00 | 153.00 | OK |
Version: 1.0.6
Check: re-building of vignette outputs
Result: NOTE
Error(s) in re-building vignettes:
--- re-building ‘ToolsForCoDa.Rnw’ using Sweave
Loading required package: mice
Attaching package: 'mice'
The following object is masked from 'package:stats':
filter
The following objects are masked from 'package:base':
cbind, rbind
Loading required package: Rsolnp
Loading required package: nnet
Loading required package: MASS
Loading required package: calibrate
Error: processing vignette 'ToolsForCoDa.Rnw' failed with diagnostics:
Running 'texi2dvi' on 'ToolsForCoDa.tex' failed.
LaTeX errors:
! LaTeX Error: File `wasysym.sty' not found.
Type X to quit or <RETURN> to proceed,
or enter new name. (Default extension: sty)
! Emergency stop.
<read *>
l.10 ^^M
! ==> Fatal error occurred, no output PDF file produced!
--- failed re-building 'ToolsForCoDa.Rnw'
SUMMARY: processing the following file failed:
'ToolsForCoDa.Rnw'
Error: Vignette re-building failed.
Execution halted
Flavor: r-release-macos-x86_64