CRAN Package Check Results for Package TraMineRextras

Last updated on 2023-11-30 16:49:41 CET.

Flavor Version Tinstall Tcheck Ttotal Status Flags
r-devel-linux-x86_64-debian-clang 0.6.6 13.45 118.46 131.91 NOTE
r-devel-linux-x86_64-debian-gcc 0.6.6 10.87 91.03 101.90 NOTE
r-devel-linux-x86_64-fedora-clang 0.6.6 162.49 NOTE
r-devel-linux-x86_64-fedora-gcc 0.6.6 162.27 NOTE
r-devel-windows-x86_64 0.6.6 15.00 117.00 132.00 NOTE
r-patched-linux-x86_64 0.6.6 17.58 115.09 132.67 OK
r-release-linux-x86_64 0.6.6 16.21 114.00 130.21 OK
r-release-macos-arm64 0.6.6 52.00 OK
r-release-macos-x86_64 0.6.6 82.00 OK
r-release-windows-x86_64 0.6.6 20.00 138.00 158.00 OK
r-oldrel-macos-arm64 0.6.6 47.00 OK
r-oldrel-macos-x86_64 0.6.6 65.00 OK
r-oldrel-windows-x86_64 0.6.6 18.00 138.00 156.00 OK

Check Details

Version: 0.6.6
Check: Rd contents
Result: NOTE Argument items with no description in Rd file 'seqimplic.Rd': ‘ylim’ Flavors: r-devel-linux-x86_64-debian-clang, r-devel-linux-x86_64-debian-gcc, r-devel-linux-x86_64-fedora-clang, r-devel-linux-x86_64-fedora-gcc, r-devel-windows-x86_64