CRAN Package Check Results for Package TreeDist

Last updated on 2023-10-03 01:05:07 CEST.

Flavor Version Tinstall Tcheck Ttotal Status Flags
r-devel-linux-x86_64-debian-clang 2.6.3 60.77 288.89 349.66 NOTE
r-devel-linux-x86_64-debian-gcc 2.6.3 41.90 218.81 260.71 NOTE
r-devel-linux-x86_64-fedora-clang 2.6.3 486.26 NOTE
r-devel-linux-x86_64-fedora-gcc 2.6.3 449.11 NOTE
r-devel-windows-x86_64 2.6.3 47.00 269.00 316.00 NOTE
r-patched-linux-x86_64 2.6.3 44.24 277.30 321.54 NOTE
r-release-linux-x86_64 2.6.3 41.75 280.54 322.29 NOTE
r-release-macos-arm64 2.6.3 127.00 NOTE
r-release-macos-x86_64 2.6.3 262.00 NOTE
r-release-windows-x86_64 2.6.3 60.00 328.00 388.00 NOTE
r-oldrel-macos-arm64 2.6.3 122.00 NOTE
r-oldrel-macos-x86_64 2.6.3 164.00 NOTE
r-oldrel-windows-x86_64 2.6.3 61.00 319.00 380.00 NOTE

Check Details

Version: 2.6.3
Check: package dependencies
Result: NOTE
    Package suggested but not available for checking: ‘TreeDistData’
Flavors: r-devel-linux-x86_64-debian-clang, r-devel-linux-x86_64-debian-gcc, r-devel-linux-x86_64-fedora-clang, r-devel-linux-x86_64-fedora-gcc, r-devel-windows-x86_64, r-patched-linux-x86_64, r-release-linux-x86_64, r-release-macos-arm64, r-release-macos-x86_64, r-release-windows-x86_64, r-oldrel-macos-arm64, r-oldrel-macos-x86_64, r-oldrel-windows-x86_64

Version: 2.6.3
Check: installed package size
Result: NOTE
     installed size is 5.9Mb
     sub-directories of 1Mb or more:
     doc 5.0Mb
Flavors: r-devel-linux-x86_64-fedora-clang, r-devel-windows-x86_64, r-release-macos-arm64, r-release-macos-x86_64, r-release-windows-x86_64, r-oldrel-macos-arm64, r-oldrel-macos-x86_64, r-oldrel-windows-x86_64